{"id":9123,"date":"2026-03-07T11:58:15","date_gmt":"2026-03-07T10:58:15","guid":{"rendered":"https:\/\/pabianice.misjonarze.pl\/?page_id=9123"},"modified":"2026-03-07T11:58:15","modified_gmt":"2026-03-07T10:58:15","slug":"rekolekcje-wielkopostne-2026","status":"publish","type":"page","link":"https:\/\/pabianice.misjonarze.pl\/?page_id=9123","title":{"rendered":"REKOLEKCJE WIELKOPOSTNE 2026"},"content":{"rendered":"<p align=\"center\"><span style=\"font-family: Arial, serif;\"><span style=\"font-size: x-large;\"><b>PROGRAM REKOLEKCJI \u2013 14-18.03.2026 <\/b><\/span><\/span><\/p>\n<p align=\"center\"><span style=\"font-family: Amiri, serif;\"><span style=\"font-size: xx-large;\"><b>WIELKI POST 2026<\/b><\/span><\/span><\/p>\n<p align=\"center\">\n<p><b> <\/b><span style=\"font-family: Arial, serif;\"><span style=\"font-size: large;\"><u><b>SOBOTA<\/b><\/u><\/span><\/span><\/p>\n<ul>\n<li><span style=\"font-family: Arial, serif;\"><span style=\"font-size: large;\"><b>14.03.2026<\/b><\/span><\/span><span style=\"font-family: Arial, serif;\"><span style=\"font-size: large;\"> \u2013 <\/span><\/span><span style=\"font-family: Arial, serif;\"><span style=\"font-size: large;\"><b>Sobota<\/b><\/span><\/span><span style=\"font-family: Arial, serif;\"><span style=\"font-size: large;\"> godz. <\/span><\/span><span style=\"font-family: Arial, serif;\"><span style=\"font-size: large;\"><b>18.00<\/b><\/span><\/span><span style=\"font-family: Arial, serif;\"><span style=\"font-size: large;\"> \u2013 Msza z nauk\u0105 rekolekcyjn\u0105<\/span><\/span><\/li>\n<\/ul>\n<p>&nbsp;<\/p>\n<p><span style=\"font-family: Arial, serif;\"><span style=\"font-size: large;\"><u><b>NIEDZIELA<\/b><\/u><\/span><\/span><\/p>\n<ul>\n<li><span style=\"font-family: Arial, serif;\"><span style=\"font-size: large;\"><b>15.03.2026<\/b><\/span><\/span><span style=\"font-family: Arial, serif;\"><span style=\"font-size: large;\"> \u2013 <\/span><\/span><span style=\"font-family: Arial, serif;\"><span style=\"font-size: large;\"><b>Niedziela<\/b><\/span><\/span><span style=\"font-family: Arial, serif;\"><span style=\"font-size: large;\"> : <\/span><\/span><span style=\"font-family: Arial, serif;\"><span style=\"font-size: large;\"><b>6.30; 8.00; 9.30; 11.00; 12.30; 16.00; 18.00 &#8211; <\/b><\/span><\/span><span style=\"font-size: large; font-family: Arial, serif;\">Msza z nauk\u0105 rekolekcyjn\u0105<\/span><\/li>\n<\/ul>\n<ul>\n<li><span style=\"font-family: Arial, serif;\"><span style=\"font-size: large;\"><b>15.03.2026<\/b><\/span><\/span><span style=\"font-family: Arial, serif;\"><span style=\"font-size: large;\"> \u2013 <\/span><\/span><span style=\"font-family: Arial, serif;\"><span style=\"font-size: large;\"><b>Niedziela<\/b><\/span><\/span><span style=\"font-family: Arial, serif;\"><span style=\"font-size: large;\"> &#8211; <\/span><\/span><span style=\"font-family: Arial, serif;\"><span style=\"font-size: large;\"><b>godz.<\/b><\/span><\/span> <span style=\"font-family: Arial, serif;\"><span style=\"font-size: large;\"><b>17.00<\/b><\/span><\/span><span style=\"font-family: Arial, serif;\"><span style=\"font-size: large;\"> \u2013 Gorzkie \u017bale z rozwa\u017caniem.<\/span><\/span><\/li>\n<\/ul>\n<p>&nbsp;<\/p>\n<p><span style=\"font-family: Arial, serif;\"><span style=\"font-size: large;\"><u><b>PONIEDZIA\u0141EK<\/b><\/u><\/span><\/span><\/p>\n<ul>\n<li><span style=\"font-family: Arial, serif;\"><span style=\"font-size: large;\"><b>16.03.2026<\/b><\/span><\/span><span style=\"font-family: Arial, serif;\"><span style=\"font-size: large;\"> \u2013 <\/span><\/span><span style=\"font-family: Arial, serif;\"><span style=\"font-size: large;\"><b>Poniedzia\u0142ek<\/b><\/span><\/span><span style=\"font-family: Arial, serif;\"><span style=\"font-size: large;\"> godz. <\/span><\/span><span style=\"font-family: Arial, serif;\"><span style=\"font-size: large;\"><b>8.45<\/b><\/span><\/span><span style=\"font-family: Arial, serif;\"><span style=\"font-size: large;\"> \u2013 Modlitwy poranne.<\/span><\/span><\/li>\n<li><span style=\"font-family: Arial, serif;\"><span style=\"font-size: large;\"><b>16.03.2026<\/b><\/span><\/span><span style=\"font-family: Arial, serif;\"><span style=\"font-size: large;\"> \u2013 <\/span><\/span><span style=\"font-family: Arial, serif;\"><span style=\"font-size: large;\"><b>Poniedzia\u0142ek<\/b><\/span><\/span><span style=\"font-family: Arial, serif;\"><span style=\"font-size: large;\"> godz. <\/span><\/span><span style=\"font-family: Arial, serif;\"><span style=\"font-size: large;\"><b>9.00; 12.00; 18.00; 19.30<\/b><\/span><\/span><span style=\"font-family: Arial, serif;\"><span style=\"font-size: large;\"> \u2013 <\/span><\/span><span style=\"font-size: large; font-family: Arial, serif;\">Msza z nauk\u0105 rekolekcyjn\u0105<\/span><\/li>\n<\/ul>\n<ul>\n<li><span style=\"font-family: Arial, serif;\"><span style=\"font-size: large;\"><b>Spowied\u017a p\u00f3\u0142 godz. przed ka\u017cd\u0105 Msza \u015bw.<\/b><\/span><\/span><\/li>\n<li><span style=\"font-family: Arial, serif;\"><span style=\"font-size: large;\"><b>Adoracja Naj\u015bwi\u0119tszego Sakramentu &#8211; 19.00-19.30<\/b><\/span><\/span><\/li>\n<\/ul>\n<p align=\"center\">\n<p><span style=\"font-family: Arial, serif;\"><span style=\"font-size: large;\"><u><b>WTOREK<\/b><\/u><\/span><\/span><\/p>\n<ul>\n<li><span style=\"font-family: Arial, serif;\"><span style=\"font-size: large;\"><b>17.03.2026<\/b><\/span><\/span><span style=\"font-family: Arial, serif;\"><span style=\"font-size: large;\"> \u2013 <\/span><\/span><span style=\"font-family: Arial, serif;\"><span style=\"font-size: large;\"><b>Wtorek<\/b><\/span><\/span><span style=\"font-family: Arial, serif;\"><span style=\"font-size: large;\"> godz. <\/span><\/span><span style=\"font-family: Arial, serif;\"><span style=\"font-size: large;\"><b>8.45<\/b><\/span><\/span><span style=\"font-family: Arial, serif;\"><span style=\"font-size: large;\"> \u2013 Modlitwy poranne.<\/span><\/span><\/li>\n<li><span style=\"font-family: Arial, serif;\"><span style=\"font-size: large;\"><b>17.03.2026<\/b><\/span><\/span><span style=\"font-family: Arial, serif;\"><span style=\"font-size: large;\"> \u2013 <\/span><\/span><span style=\"font-family: Arial, serif;\"><span style=\"font-size: large;\"><b>Wtorek<\/b><\/span><\/span><span style=\"font-family: Arial, serif;\"><span style=\"font-size: large;\"> godz. <\/span><\/span><span style=\"font-family: Arial, serif;\"><span style=\"font-size: large;\"><b>9.00; 12.00; 18.00; 19.30<\/b><\/span><\/span><span style=\"font-family: Arial, serif;\"><span style=\"font-size: large;\"> \u2013 <\/span><\/span><span style=\"font-size: large; font-family: Arial, serif;\">Msza z nauk\u0105 rekolekcyjn\u0105<\/span><\/li>\n<\/ul>\n<ul>\n<li><span style=\"font-family: Arial, serif;\"><span style=\"font-size: large;\"><b>Spowied\u017a : 8.00-9.00; 11.30-12.00; 17.15-18.00; 19.15-19.30<\/b><\/span><\/span><\/li>\n<li><span style=\"font-family: Arial, serif;\"><span style=\"font-size: large;\"><b>Adoracja Naj\u015bwi\u0119tszego Sakramentu &#8211; 19.00-19.30<\/b><\/span><\/span><\/li>\n<\/ul>\n<p>&nbsp;<\/p>\n<p><span style=\"font-family: Arial, serif;\"><span style=\"font-size: large;\"><u><b>\u015aRODA<\/b><\/u><\/span><\/span><\/p>\n<ul>\n<li><span style=\"font-family: Arial, serif;\"><span style=\"font-size: large;\"><b>18.03.2026<\/b><\/span><\/span><span style=\"font-family: Arial, serif;\"><span style=\"font-size: large;\"> \u2013 <\/span><\/span><span style=\"font-family: Arial, serif;\"><span style=\"font-size: large;\"><b>\u015aroda<\/b><\/span><\/span><span style=\"font-family: Arial, serif;\"><span style=\"font-size: large;\"> godz. <\/span><\/span><span style=\"font-family: Arial, serif;\"><span style=\"font-size: large;\"><b>8.45<\/b><\/span><\/span><span style=\"font-family: Arial, serif;\"><span style=\"font-size: large;\"> \u2013 Modlitwy poranne.<\/span><\/span><\/li>\n<li><span style=\"font-family: Arial, serif;\"><span style=\"font-size: large;\"><b>18.03.2026<\/b><\/span><\/span><span style=\"font-family: Arial, serif;\"><span style=\"font-size: large;\"> \u2013 <\/span><\/span><span style=\"font-family: Arial, serif;\"><span style=\"font-size: large;\"><b>\u015aroda<\/b><\/span><\/span><span style=\"font-family: Arial, serif;\"><span style=\"font-size: large;\"> godz. <\/span><\/span><span style=\"font-family: Arial, serif;\"><span style=\"font-size: large;\"><b>9.00; 12.00; 18.00; 19.30<\/b><\/span><\/span><span style=\"font-family: Arial, serif;\"><span style=\"font-size: large;\"> \u2013 <\/span><\/span><span style=\"font-size: large; font-family: Arial, serif;\">Msza z nauk\u0105 rekolekcyjn\u0105<\/span><\/li>\n<\/ul>\n<ul>\n<li><span style=\"font-family: Arial, serif;\"><span style=\"font-size: large;\"><b>Spowied\u017a : 8.00-9.00; 11.30-12.00; 17.15-18.00; 19.15-19.30<\/b><\/span><\/span><\/li>\n<li><span style=\"font-family: Arial, serif;\"><span style=\"font-size: large;\"><b>Adoracja Naj\u015bwi\u0119tszego Sakramentu &#8211; 19.00-19.30<\/b><\/span><\/span><\/li>\n<\/ul>\n<p>&nbsp;<\/p>\n<p align=\"center\"><span style=\"color: #000000;\"><span style=\"font-family: Aptos Display, serif;\"><span style=\"font-size: xx-large;\"><b>Nauki rekolekcyjne wyg\u0142osi misjonarz \u2013<\/b><\/span><\/span><\/span><\/p>\n<p align=\"center\"><span style=\"color: #000000;\"><span style=\"font-family: Aptos Display, serif;\"><span style=\"font-size: xx-large;\"><b>ks. Jacek KUZIEL CM<\/b><\/span><\/span><\/span><\/p>\n","protected":false},"excerpt":{"rendered":"<p>PROGRAM REKOLEKCJI \u2013 14-18.03.2026 WIELKI POST 2026 SOBOTA 14.03.2026 \u2013 Sobota godz. 18.00 \u2013 Msza z nauk\u0105 rekolekcyjn\u0105 &nbsp; NIEDZIELA 15.03.2026 \u2013 Niedziela : 6.30; 8.00; 9.30; 11.00; 12.30; 16.00; 18.00 &#8211; Msza z&#46;&#46;&#46;<\/p>\n","protected":false},"author":1,"featured_media":0,"parent":0,"menu_order":0,"comment_status":"closed","ping_status":"closed","template":"","meta":{"jetpack_post_was_ever_published":false,"footnotes":""},"class_list":["post-9123","page","type-page","status-publish","hentry"],"jetpack_sharing_enabled":true,"jetpack_shortlink":"https:\/\/wp.me\/PakDx7-2n9","_links":{"self":[{"href":"https:\/\/pabianice.misjonarze.pl\/index.php?rest_route=\/wp\/v2\/pages\/9123","targetHints":{"allow":["GET"]}}],"collection":[{"href":"https:\/\/pabianice.misjonarze.pl\/index.php?rest_route=\/wp\/v2\/pages"}],"about":[{"href":"https:\/\/pabianice.misjonarze.pl\/index.php?rest_route=\/wp\/v2\/types\/page"}],"author":[{"embeddable":true,"href":"https:\/\/pabianice.misjonarze.pl\/index.php?rest_route=\/wp\/v2\/users\/1"}],"replies":[{"embeddable":true,"href":"https:\/\/pabianice.misjonarze.pl\/index.php?rest_route=%2Fwp%2Fv2%2Fcomments&post=9123"}],"version-history":[{"count":1,"href":"https:\/\/pabianice.misjonarze.pl\/index.php?rest_route=\/wp\/v2\/pages\/9123\/revisions"}],"predecessor-version":[{"id":9124,"href":"https:\/\/pabianice.misjonarze.pl\/index.php?rest_route=\/wp\/v2\/pages\/9123\/revisions\/9124"}],"wp:attachment":[{"href":"https:\/\/pabianice.misjonarze.pl\/index.php?rest_route=%2Fwp%2Fv2%2Fmedia&parent=9123"}],"curies":[{"name":"wp","href":"https:\/\/api.w.org\/{rel}","templated":true}]}}

<p align="center"><span style="font-family: Arial, serif;"><span style="font-size: x-large;"><b>PROGRAM REKOLEKCJI – 14-18.03.2026 </b></span></span></p>
<p align="center"><span style="font-family: Amiri, serif;"><span style="font-size: xx-large;"><b>WIELKI POST 2026</b></span></span></p>
<p align="center">
<p><b> </b><span style="font-family: Arial, serif;"><span style="font-size: large;"><u><b>SOBOTA</b></u></span></span></p>
<ul>
<li><span style="font-family: Arial, serif;"><span style="font-size: large;"><b>14.03.2026</b></span></span><span style="font-family: Arial, serif;"><span style="font-size: large;"> – </span></span><span style="font-family: Arial, serif;"><span style="font-size: large;"><b>Sobota</b></span></span><span style="font-family: Arial, serif;"><span style="font-size: large;"> godz. </span></span><span style="font-family: Arial, serif;"><span style="font-size: large;"><b>18.00</b></span></span><span style="font-family: Arial, serif;"><span style="font-size: large;"> – Msza z nauką rekolekcyjną</span></span></li>
</ul>
<p>&nbsp;</p>
<p><span style="font-family: Arial, serif;"><span style="font-size: large;"><u><b>NIEDZIELA</b></u></span></span></p>
<ul>
<li><span style="font-family: Arial, serif;"><span style="font-size: large;"><b>15.03.2026</b></span></span><span style="font-family: Arial, serif;"><span style="font-size: large;"> – </span></span><span style="font-family: Arial, serif;"><span style="font-size: large;"><b>Niedziela</b></span></span><span style="font-family: Arial, serif;"><span style="font-size: large;"> : </span></span><span style="font-family: Arial, serif;"><span style="font-size: large;"><b>6.30; 8.00; 9.30; 11.00; 12.30; 16.00; 18.00 &#8211; </b></span></span><span style="font-size: large; font-family: Arial, serif;">Msza z nauką rekolekcyjną</span></li>
</ul>
<ul>
<li><span style="font-family: Arial, serif;"><span style="font-size: large;"><b>15.03.2026</b></span></span><span style="font-family: Arial, serif;"><span style="font-size: large;"> – </span></span><span style="font-family: Arial, serif;"><span style="font-size: large;"><b>Niedziela</b></span></span><span style="font-family: Arial, serif;"><span style="font-size: large;"> &#8211; </span></span><span style="font-family: Arial, serif;"><span style="font-size: large;"><b>godz.</b></span></span> <span style="font-family: Arial, serif;"><span style="font-size: large;"><b>17.00</b></span></span><span style="font-family: Arial, serif;"><span style="font-size: large;"> – Gorzkie Żale z rozważaniem.</span></span></li>
</ul>
<p>&nbsp;</p>
<p><span style="font-family: Arial, serif;"><span style="font-size: large;"><u><b>PONIEDZIAŁEK</b></u></span></span></p>
<ul>
<li><span style="font-family: Arial, serif;"><span style="font-size: large;"><b>16.03.2026</b></span></span><span style="font-family: Arial, serif;"><span style="font-size: large;"> – </span></span><span style="font-family: Arial, serif;"><span style="font-size: large;"><b>Poniedziałek</b></span></span><span style="font-family: Arial, serif;"><span style="font-size: large;"> godz. </span></span><span style="font-family: Arial, serif;"><span style="font-size: large;"><b>8.45</b></span></span><span style="font-family: Arial, serif;"><span style="font-size: large;"> – Modlitwy poranne.</span></span></li>
<li><span style="font-family: Arial, serif;"><span style="font-size: large;"><b>16.03.2026</b></span></span><span style="font-family: Arial, serif;"><span style="font-size: large;"> – </span></span><span style="font-family: Arial, serif;"><span style="font-size: large;"><b>Poniedziałek</b></span></span><span style="font-family: Arial, serif;"><span style="font-size: large;"> godz. </span></span><span style="font-family: Arial, serif;"><span style="font-size: large;"><b>9.00; 12.00; 18.00; 19.30</b></span></span><span style="font-family: Arial, serif;"><span style="font-size: large;"> – </span></span><span style="font-size: large; font-family: Arial, serif;">Msza z nauką rekolekcyjną</span></li>
</ul>
<ul>
<li><span style="font-family: Arial, serif;"><span style="font-size: large;"><b>Spowiedź pół godz. przed każdą Msza św.</b></span></span></li>
<li><span style="font-family: Arial, serif;"><span style="font-size: large;"><b>Adoracja Najświętszego Sakramentu &#8211; 19.00-19.30</b></span></span></li>
</ul>
<p align="center">
<p><span style="font-family: Arial, serif;"><span style="font-size: large;"><u><b>WTOREK</b></u></span></span></p>
<ul>
<li><span style="font-family: Arial, serif;"><span style="font-size: large;"><b>17.03.2026</b></span></span><span style="font-family: Arial, serif;"><span style="font-size: large;"> – </span></span><span style="font-family: Arial, serif;"><span style="font-size: large;"><b>Wtorek</b></span></span><span style="font-family: Arial, serif;"><span style="font-size: large;"> godz. </span></span><span style="font-family: Arial, serif;"><span style="font-size: large;"><b>8.45</b></span></span><span style="font-family: Arial, serif;"><span style="font-size: large;"> – Modlitwy poranne.</span></span></li>
<li><span style="font-family: Arial, serif;"><span style="font-size: large;"><b>17.03.2026</b></span></span><span style="font-family: Arial, serif;"><span style="font-size: large;"> – </span></span><span style="font-family: Arial, serif;"><span style="font-size: large;"><b>Wtorek</b></span></span><span style="font-family: Arial, serif;"><span style="font-size: large;"> godz. </span></span><span style="font-family: Arial, serif;"><span style="font-size: large;"><b>9.00; 12.00; 18.00; 19.30</b></span></span><span style="font-family: Arial, serif;"><span style="font-size: large;"> – </span></span><span style="font-size: large; font-family: Arial, serif;">Msza z nauką rekolekcyjną</span></li>
</ul>
<ul>
<li><span style="font-family: Arial, serif;"><span style="font-size: large;"><b>Spowiedź : 8.00-9.00; 11.30-12.00; 17.15-18.00; 19.15-19.30</b></span></span></li>
<li><span style="font-family: Arial, serif;"><span style="font-size: large;"><b>Adoracja Najświętszego Sakramentu &#8211; 19.00-19.30</b></span></span></li>
</ul>
<p>&nbsp;</p>
<p><span style="font-family: Arial, serif;"><span style="font-size: large;"><u><b>ŚRODA</b></u></span></span></p>
<ul>
<li><span style="font-family: Arial, serif;"><span style="font-size: large;"><b>18.03.2026</b></span></span><span style="font-family: Arial, serif;"><span style="font-size: large;"> – </span></span><span style="font-family: Arial, serif;"><span style="font-size: large;"><b>Środa</b></span></span><span style="font-family: Arial, serif;"><span style="font-size: large;"> godz. </span></span><span style="font-family: Arial, serif;"><span style="font-size: large;"><b>8.45</b></span></span><span style="font-family: Arial, serif;"><span style="font-size: large;"> – Modlitwy poranne.</span></span></li>
<li><span style="font-family: Arial, serif;"><span style="font-size: large;"><b>18.03.2026</b></span></span><span style="font-family: Arial, serif;"><span style="font-size: large;"> – </span></span><span style="font-family: Arial, serif;"><span style="font-size: large;"><b>Środa</b></span></span><span style="font-family: Arial, serif;"><span style="font-size: large;"> godz. </span></span><span style="font-family: Arial, serif;"><span style="font-size: large;"><b>9.00; 12.00; 18.00; 19.30</b></span></span><span style="font-family: Arial, serif;"><span style="font-size: large;"> – </span></span><span style="font-size: large; font-family: Arial, serif;">Msza z nauką rekolekcyjną</span></li>
</ul>
<ul>
<li><span style="font-family: Arial, serif;"><span style="font-size: large;"><b>Spowiedź : 8.00-9.00; 11.30-12.00; 17.15-18.00; 19.15-19.30</b></span></span></li>
<li><span style="font-family: Arial, serif;"><span style="font-size: large;"><b>Adoracja Najświętszego Sakramentu &#8211; 19.00-19.30</b></span></span></li>
</ul>
<p>&nbsp;</p>
<p align="center"><span style="color: #000000;"><span style="font-family: Aptos Display, serif;"><span style="font-size: xx-large;"><b>Nauki rekolekcyjne wygłosi misjonarz –</b></span></span></span></p>
<p align="center"><span style="color: #000000;"><span style="font-family: Aptos Display, serif;"><span style="font-size: xx-large;"><b>ks. Jacek KUZIEL CM</b></span></span></span></p>

<p>PROGRAM REKOLEKCJI – 14-18.03.2026 WIELKI POST 2026 SOBOTA 14.03.2026 – Sobota godz. 18.00 – Msza z nauką rekolekcyjną &nbsp; NIEDZIELA 15.03.2026 – Niedziela : 6.30; 8.00; 9.30; 11.00; 12.30; 16.00; 18.00 &#8211; Msza z&#46;&#46;&#46;</p>
