{"id":734,"date":"2018-10-02T08:37:05","date_gmt":"2018-10-02T08:37:05","guid":{"rendered":"http:\/\/pabianice.misjonarze.pl\/?page_id=734"},"modified":"2020-07-16T16:45:26","modified_gmt":"2020-07-16T14:45:26","slug":"szkaplerz-karmelitanski","status":"publish","type":"page","link":"https:\/\/pabianice.misjonarze.pl\/?page_id=734","title":{"rendered":"Szkaplerz karmelita\u0144ski"},"content":{"rendered":"<p align=\"JUSTIFY\"><img data-recalc-dims=\"1\" loading=\"lazy\" decoding=\"async\" class=\"size-medium wp-image-735 alignleft\" src=\"https:\/\/i0.wp.com\/pabianice.misjonarze.pl\/wp-content\/uploads\/szkaplerz-karmelitanski-200x300.jpg?resize=200%2C300\" alt=\"\" width=\"200\" height=\"300\" srcset=\"https:\/\/i0.wp.com\/pabianice.misjonarze.pl\/wp-content\/uploads\/szkaplerz-karmelitanski.jpg?resize=200%2C300&amp;ssl=1 200w, https:\/\/i0.wp.com\/pabianice.misjonarze.pl\/wp-content\/uploads\/szkaplerz-karmelitanski.jpg?resize=100%2C150&amp;ssl=1 100w, https:\/\/i0.wp.com\/pabianice.misjonarze.pl\/wp-content\/uploads\/szkaplerz-karmelitanski.jpg?resize=768%2C1152&amp;ssl=1 768w, https:\/\/i0.wp.com\/pabianice.misjonarze.pl\/wp-content\/uploads\/szkaplerz-karmelitanski.jpg?resize=683%2C1024&amp;ssl=1 683w, https:\/\/i0.wp.com\/pabianice.misjonarze.pl\/wp-content\/uploads\/szkaplerz-karmelitanski.jpg?resize=725%2C1088&amp;ssl=1 725w, https:\/\/i0.wp.com\/pabianice.misjonarze.pl\/wp-content\/uploads\/szkaplerz-karmelitanski.jpg?w=1080&amp;ssl=1 1080w\" sizes=\"auto, (max-width: 200px) 100vw, 200px\" \/>Od siedmiu wiek\u00f3w w powszechnym u\u017cyciu jest Szkaplerz Naj\u015bwi\u0119tszej Maryi Dziewicy z G\u00f3ry Karmel. Jest to znak przyj\u0119ty przez Zakon Karmelita\u0144ski i zatwierdzony przez Ko\u015bci\u00f3\u0142 katolicki jako zewn\u0119trzny wyraz Macierzy\u0144skiej Mi\u0142o\u015bci Maryi do nas oraz naszego synowskiego przyj\u0119cia tej Mi\u0142o\u015bci i jej odwzajemnienia.<\/p>\n<p align=\"JUSTIFY\">S\u0142owo &#8222;szkaplerz&#8221; oznacza szat\u0119 wierzchni\u0105, kt\u00f3r\u0105 mnisi przywdziewali na habit zakonny przygotowuj\u0105c si\u0119 do codziennej pracy. Z biegiem czasu nabra\u0142 on znaczenia symbolicznego: wyra\u017ca\u0142 niesienie codziennego krzy\u017ca przez uczni\u00f3w i na\u015bladowc\u00f3w Pana Jezusa.<\/p>\n<p align=\"JUSTIFY\">Szkaplerz zacz\u0105\u0142 symbolizowa\u0107 specjaln\u0105 wi\u0119\u017a Karmelit\u00f3w z Maryj\u0105, do czego przyczyni\u0142a si\u0119 wielowiekowa tradycja o maryjnym objawieniu i nadaniu przywilej\u00f3w tym, kt\u00f3rzy ten szkaplerz nosz\u0105 i &#8211; we\u0144 odziani &#8211; umieraj\u0105.<\/p>\n<p align=\"JUSTIFY\">Ze strony czcicieli Maryi Szkaplerz symbolizowa\u0142 ufno\u015b\u0107 pok\u0142adan\u0105 w Jej Macierzy\u0144skiej Mi\u0142o\u015bci, co prowadzi\u0142o do skutecznego wstawiennictwa przed Bogiem odno\u015bnie wiecznego zbawienia. Przyjmuj\u0105c Jej opiek\u0119 w ca\u0142ym \u017cyciu, Szkaplerz wyra\u017ca\u0142 pragnienie na\u015bladowania Jej stylu \u017cycia i cn\u00f3t, szczeg\u00f3lnie cnoty czysto\u015bci prze\u017cywanej wed\u0142ug w\u0142asnego stanu.<\/p>\n<p align=\"JUSTIFY\">W wiekach \u015brednich wielu chrze\u015bcijan chcia\u0142o przy\u0142\u0105czy\u0107 si\u0119 do Zakon\u00f3w w\u00f3wczas powsta\u0142ych: Franciszkan\u00f3w, Dominikan\u00f3w, Augustian\u00f3w, Karmelit\u00f3w. Powsta\u0142a wiec wsp\u00f3lnota os\u00f3b \u015bwieckich stowarzyszonych poprzez Bractwa. Wszystkie te zakony chcia\u0142y da\u0107 osobom \u015bwieckim znak przynale\u017cno\u015bci i uczestnictwa w swojej duchowo\u015bci i apostolacie. Cz\u0119sto znakiem tym by\u0142a jedna z cz\u0119\u015bci habitu zakonnego: p\u0142aszcz, sznur czy w\u0142a\u015bnie szkaplerz. Zakon Karmelita\u0144ski rozpowszechni\u0142 Szkaplerz w zredukowanej formie jako znak przynale\u017cno\u015bci i jako wyraz uczestnictwa w swojej duchowo\u015bci.<\/p>\n<p align=\"JUSTIFY\">Wychodz\u0105c z wielowiekowej tradycji zakonu, potwierdzonej przez autorytet Ko\u015bcio\u0142a, Szkaplerz wyra\u017ca wsp\u00f3lnot\u0119 z Maryj\u0105 zobowi\u0105zuj\u0105c do na\u015bladowania Pana Jezusa jak to czyni\u0142a Ona, doskona\u0142y wz\u00f3r wszystkich uczni\u00f3w Chrystusa.<\/p>\n<p align=\"JUSTIFY\">Maryja uczy nas:<\/p>\n<p align=\"JUSTIFY\">1. \u017by\u0107 w otwarto\u015bci na dzia\u0142anie Boga przyjmuj\u0105c w \u017cyciu Jego wol\u0119.<\/p>\n<p align=\"JUSTIFY\">2. S\u0142ucha\u0107 S\u0142owa Bo\u017cego przekazanego w Pi\u015bmie \u015awi\u0119tym i Tradycji Ko\u015bcio\u0142a.<\/p>\n<ol>\n<li>\n<p align=\"JUSTIFY\">Odkrywa\u0107 Je w \u017cyciu, przyjmowa\u0107 Je i wprowadza\u0107 w czyn.<\/p>\n<\/li>\n<li>\n<p align=\"JUSTIFY\">Nieustannie modli\u0107 si\u0119 szukaj\u0105c i odkrywaj\u0105c Boga obecnego we wszystkich okoliczno\u015bciach \u017cycia.<\/p>\n<\/li>\n<li>\n<p align=\"JUSTIFY\">By\u0107 blisko naszych braci i si\u00f3str znajduj\u0105cych si\u0119 w potrzebie i solidaryzowa\u0107 si\u0119 z nimi.<\/p>\n<\/li>\n<\/ol>\n<p align=\"JUSTIFY\">Szkaplerz wyra\u017ca ufno\u015b\u0107 w opiek\u0119 Maryi i w skuteczno\u015b\u0107 Jej wstawienniczej roli w otrzymaniu \u0142aski wiecznego zbawienia i szybkiego uwolnienia z czy\u015b\u0107ca.<\/p>\n<p align=\"JUSTIFY\">Wskaz\u00f3wki praktyczne:<\/p>\n<p align=\"JUSTIFY\">Szkaplerz Karmelita\u0144ski ma by\u0107 wykonany z sukna we\u0142nianego koloru br\u0105zowego. Na jednej cz\u0119\u015bci ma by\u0107 wizerunek Matki Bo\u017cej Szkaplerznej, a na drugiej wizerunek Naj\u015bwi\u0119tszego Serca Pana Jezusa. Mo\u017ce on by\u0107 zast\u0105piony medalikiem z podobnymi wizerunkami, jakkolwiek zaleca si\u0119, by pierwsze na\u0142o\u017cenie dotyczy\u0142o Szkaplerza z materia\u0142u. Tylko za pierwszym razem Szkaplerz ma by\u0107 na\u0142o\u017cony wed\u0142ug przewidzianego rytu liturgicznego, przez uprawnionego kap\u0142ana.<\/p>\n<p align=\"JUSTIFY\">Szkaplerz, b\u0119d\u0105cy znakiem Maryjnym, zobowi\u0105zuje do chrze\u015bcija\u0144skiego \u017cycia, ze szczeg\u00f3lnym ukierunkowaniem na uczczenie Naj\u015bwi\u0119tszej Maryi Dziewicy potwierdzanym codzienn\u0105 modlitw\u0105 Pod Twoja obron\u0119&#8230;<\/p>\n<p align=\"JUSTIFY\">Wszyscy nosz\u0105cy Szkaplerz Karmelita\u0144ski maj\u0105 udzia\u0142 we wszelkich \u0142askach, kt\u00f3re otrzymuj\u0105 zakony karmelita\u0144skie.<\/p>\n<p align=\"JUSTIFY\">Wi\u0119cej na <a href=\"https:\/\/www.karmel.pl\/szkaplerz-karmelitanski\/\">https:\/\/www.karmel.pl\/szkaplerz-karmelitanski\/<\/a><\/p>\n","protected":false},"excerpt":{"rendered":"<p>Od siedmiu wiek\u00f3w w powszechnym u\u017cyciu jest Szkaplerz Naj\u015bwi\u0119tszej Maryi Dziewicy z G\u00f3ry Karmel. Jest to znak przyj\u0119ty przez Zakon Karmelita\u0144ski i zatwierdzony przez Ko\u015bci\u00f3\u0142 katolicki jako zewn\u0119trzny wyraz Macierzy\u0144skiej Mi\u0142o\u015bci Maryi do nas&#46;&#46;&#46;<\/p>\n","protected":false},"author":1,"featured_media":0,"parent":0,"menu_order":0,"comment_status":"closed","ping_status":"closed","template":"","meta":{"jetpack_post_was_ever_published":false,"footnotes":""},"class_list":["post-734","page","type-page","status-publish","hentry"],"jetpack_sharing_enabled":true,"jetpack_shortlink":"https:\/\/wp.me\/PakDx7-bQ","_links":{"self":[{"href":"https:\/\/pabianice.misjonarze.pl\/index.php?rest_route=\/wp\/v2\/pages\/734","targetHints":{"allow":["GET"]}}],"collection":[{"href":"https:\/\/pabianice.misjonarze.pl\/index.php?rest_route=\/wp\/v2\/pages"}],"about":[{"href":"https:\/\/pabianice.misjonarze.pl\/index.php?rest_route=\/wp\/v2\/types\/page"}],"author":[{"embeddable":true,"href":"https:\/\/pabianice.misjonarze.pl\/index.php?rest_route=\/wp\/v2\/users\/1"}],"replies":[{"embeddable":true,"href":"https:\/\/pabianice.misjonarze.pl\/index.php?rest_route=%2Fwp%2Fv2%2Fcomments&post=734"}],"version-history":[{"count":2,"href":"https:\/\/pabianice.misjonarze.pl\/index.php?rest_route=\/wp\/v2\/pages\/734\/revisions"}],"predecessor-version":[{"id":2988,"href":"https:\/\/pabianice.misjonarze.pl\/index.php?rest_route=\/wp\/v2\/pages\/734\/revisions\/2988"}],"wp:attachment":[{"href":"https:\/\/pabianice.misjonarze.pl\/index.php?rest_route=%2Fwp%2Fv2%2Fmedia&parent=734"}],"curies":[{"name":"wp","href":"https:\/\/api.w.org\/{rel}","templated":true}]}}