{"id":724,"date":"2018-10-02T08:25:27","date_gmt":"2018-10-02T08:25:27","guid":{"rendered":"http:\/\/pabianice.misjonarze.pl\/?page_id=724"},"modified":"2022-01-07T06:04:59","modified_gmt":"2022-01-07T05:04:59","slug":"9-pierwszych-piatkow-miesiaca","status":"publish","type":"page","link":"https:\/\/pabianice.misjonarze.pl\/?page_id=724","title":{"rendered":"9 pierwszych pi\u0105tk\u00f3w miesi\u0105ca"},"content":{"rendered":"<p>&nbsp;<\/p>\n<p>&nbsp;<\/p>\n<p style=\"text-align: center;\"><span style=\"font-family: arial, helvetica, sans-serif; font-size: 18pt; color: #ff0000;\"><strong>Nabo\u017ce\u0144stwo polega na przyjmowaniu Komunii \u015bw. wynagradzaj\u0105cej przez dziewi\u0119\u0107 kolejnych pierwszych pi\u0105tk\u00f3w miesi\u0105ca.<\/strong><\/span><\/p>\n<p>&nbsp;<\/p>\n<p>&nbsp;<\/p>\n<div>\n<p align=\"JUSTIFY\"><img data-recalc-dims=\"1\" loading=\"lazy\" decoding=\"async\" class=\"size-full wp-image-725 alignleft\" src=\"https:\/\/i0.wp.com\/pabianice.misjonarze.pl\/wp-content\/uploads\/i-piatki.jpg?resize=235%2C235\" alt=\"\" width=\"235\" height=\"235\" srcset=\"https:\/\/i0.wp.com\/pabianice.misjonarze.pl\/wp-content\/uploads\/i-piatki.jpg?w=235&amp;ssl=1 235w, https:\/\/i0.wp.com\/pabianice.misjonarze.pl\/wp-content\/uploads\/i-piatki.jpg?resize=150%2C150&amp;ssl=1 150w\" sizes=\"auto, (max-width: 235px) 100vw, 235px\" \/><\/p>\n<p align=\"JUSTIFY\"><span style=\"font-family: arial, helvetica, sans-serif; font-size: 14pt;\">Oto co ze sob\u0105 niesie to szczeg\u00f3lne nabo\u017ce\u0144stwo, jaka jest jego historia i co si\u0119 z nim wi\u0105\u017ce. G\u0142owna zas\u0142uga w rozpowszechnianiu nabo\u017ce\u0144stwa do Naj\u015bwi\u0119tszego Serca Pana Jezusa przypada skromnej zakonnicy, \u015bw. Ma\u0142gorzacie Marii Alacoque (1647-1690).<\/span><\/p>\n<p align=\"JUSTIFY\"><span style=\"font-family: arial, helvetica, sans-serif; font-size: 14pt;\">W grudniu 1673 roku \u015bw. Ma\u0142gorzata dopuszczona zosta\u0142a do tego, by spocz\u0119\u0142a na Sercu Jezusowym. Pan Jezus pokazuj\u0105c jej swoje Serce pe\u0142ne ognia, rzek\u0142 do niej: \u201cMoje Boskie Serce tak p\u0142onie mi\u0142o\u015bci\u0105 ku ludziom, \u017ce nie mo\u017ce d\u0142u\u017cej utrzyma\u0107 tych p\u0142omieni gorej\u0105cych, zamkni\u0119tych w moim \u0142onie. Ono pragnie rozla\u0107 je za twoim po\u015brednictwem i pragnie wzbogaci\u0107 ludzi swoimi Bo\u017cymi skarbami\u201d.<\/span><\/p>\n<p align=\"JUSTIFY\"><span style=\"text-decoration: underline;\"><span style=\"font-family: arial, helvetica, sans-serif; font-size: 14pt; color: #0000ff; text-decoration: underline;\">Pan Jezus da\u0142 \u015bw. Ma\u0142gorzacie Alacoque dwana\u015bcie obietnic dotycz\u0105cych czcicieli Jego Serca:<\/span><\/span><\/p>\n<ol>\n<li>\n<p align=\"JUSTIFY\"><span style=\"font-family: arial, helvetica, sans-serif; font-size: 14pt; color: #0000ff;\">Dam im \u0142aski, potrzebne w ich stanie.<\/span><\/p>\n<\/li>\n<li>\n<p align=\"JUSTIFY\"><span style=\"font-family: arial, helvetica, sans-serif; font-size: 14pt; color: #0000ff;\">Ustal\u0119 pok\u00f3j w ich rodzinach.<\/span><\/p>\n<\/li>\n<li>\n<p align=\"JUSTIFY\"><span style=\"font-family: arial, helvetica, sans-serif; font-size: 14pt; color: #0000ff;\">B\u0119d\u0119 ich pociesza\u0142 w utrapieniach.<\/span><\/p>\n<\/li>\n<li>\n<p align=\"JUSTIFY\"><span style=\"font-family: arial, helvetica, sans-serif; font-size: 14pt; color: #0000ff;\">B\u0119d\u0119 ich pewn\u0105 ucieczk\u0105 w \u017cyciu, a szczeg\u00f3lnie w godzin\u0119 \u015bmierci.<\/span><\/p>\n<\/li>\n<li>\n<p align=\"JUSTIFY\"><span style=\"font-family: arial, helvetica, sans-serif; font-size: 14pt; color: #0000ff;\">B\u0119d\u0119 im b\u0142ogos\u0142awi\u0142 w ich przedsi\u0119wzi\u0119ciach.<\/span><\/p>\n<\/li>\n<li>\n<p align=\"JUSTIFY\"><span style=\"font-family: arial, helvetica, sans-serif; font-size: 14pt; color: #0000ff;\">Grzesznicy znajda w mym Sercu \u0179r\u00f3d\u0142o i ocean mi\u0142osierdzia.<\/span><\/p>\n<\/li>\n<li>\n<p align=\"JUSTIFY\"><span style=\"font-family: arial, helvetica, sans-serif; font-size: 14pt; color: #0000ff;\">Dusze ozi\u0119b\u0142e stan\u0105 si\u0119 gorliwymi.<\/span><\/p>\n<\/li>\n<li>\n<p align=\"JUSTIFY\"><span style=\"font-family: arial, helvetica, sans-serif; font-size: 14pt; color: #0000ff;\">Dusze gorliwe pr\u0119dko dojd\u0105 do doskona\u0142o\u015bci.<\/span><\/p>\n<\/li>\n<li>\n<p align=\"JUSTIFY\"><span style=\"font-family: arial, helvetica, sans-serif; font-size: 14pt; color: #0000ff;\">B\u0119d\u0119 b\u0142ogos\u0142awi\u0142 domom, w kt\u00f3rych wizerunek Serca mojego b\u0119dzie czczony.<\/span><\/p>\n<\/li>\n<li>\n<p align=\"JUSTIFY\"><span style=\"font-family: arial, helvetica, sans-serif; font-size: 14pt; color: #0000ff;\">Osoby, kt\u00f3re b\u0119d\u0105 to nabo\u017ce\u0144stwo rozszerza\u0142y, b\u0119d\u0105 mia\u0142y imi\u0119 swoje wypisane w Sercu moim.<\/span><\/p>\n<\/li>\n<li>\n<p align=\"JUSTIFY\"><span style=\"font-family: arial, helvetica, sans-serif; font-size: 14pt; color: #0000ff;\">Dam kap\u0142anom dar wzruszania serc nawet najzatwardzialszych.<\/span><\/p>\n<\/li>\n<li>\n<p align=\"JUSTIFY\"><span style=\"font-family: arial, helvetica, sans-serif; font-size: 14pt; color: #0000ff;\">W nadmiarze mi\u0142osierdzia Serca mojego przyrzekam tym wszystkim, kt\u00f3rzy b\u0119d\u0105 przyjmowali Komunie \u015bw. w pierwsze pi\u0105tki miesi\u0105ca przez dziewi\u0119\u0107 miesi\u0119cy z rz\u0119du w intencji wynagrodzenia, ze mi\u0142o\u015b\u0107 moja udzieli \u0142aski pokuty, i\u017c nie umr\u0105 w mojej nie\u0142asce, ani bez Sakrament\u00f3w \u015bwi\u0119tych, a Serce moje b\u0119dzie im pewn\u0105 ucieczk\u0105 w ostatniej godzinie \u017cycia.<\/span><\/p>\n<\/li>\n<\/ol>\n<p>&nbsp;<\/p>\n<\/div>\n","protected":false},"excerpt":{"rendered":"<p>&nbsp; &nbsp; Nabo\u017ce\u0144stwo polega na przyjmowaniu Komunii \u015bw. wynagradzaj\u0105cej przez dziewi\u0119\u0107 kolejnych pierwszych pi\u0105tk\u00f3w miesi\u0105ca. &nbsp; &nbsp; Oto co ze sob\u0105 niesie to szczeg\u00f3lne nabo\u017ce\u0144stwo, jaka jest jego historia i co si\u0119 z nim&#46;&#46;&#46;<\/p>\n","protected":false},"author":1,"featured_media":0,"parent":0,"menu_order":0,"comment_status":"closed","ping_status":"closed","template":"","meta":{"jetpack_post_was_ever_published":false,"footnotes":""},"class_list":["post-724","page","type-page","status-publish","hentry"],"jetpack_sharing_enabled":true,"jetpack_shortlink":"https:\/\/wp.me\/PakDx7-bG","_links":{"self":[{"href":"https:\/\/pabianice.misjonarze.pl\/index.php?rest_route=\/wp\/v2\/pages\/724","targetHints":{"allow":["GET"]}}],"collection":[{"href":"https:\/\/pabianice.misjonarze.pl\/index.php?rest_route=\/wp\/v2\/pages"}],"about":[{"href":"https:\/\/pabianice.misjonarze.pl\/index.php?rest_route=\/wp\/v2\/types\/page"}],"author":[{"embeddable":true,"href":"https:\/\/pabianice.misjonarze.pl\/index.php?rest_route=\/wp\/v2\/users\/1"}],"replies":[{"embeddable":true,"href":"https:\/\/pabianice.misjonarze.pl\/index.php?rest_route=%2Fwp%2Fv2%2Fcomments&post=724"}],"version-history":[{"count":5,"href":"https:\/\/pabianice.misjonarze.pl\/index.php?rest_route=\/wp\/v2\/pages\/724\/revisions"}],"predecessor-version":[{"id":5508,"href":"https:\/\/pabianice.misjonarze.pl\/index.php?rest_route=\/wp\/v2\/pages\/724\/revisions\/5508"}],"wp:attachment":[{"href":"https:\/\/pabianice.misjonarze.pl\/index.php?rest_route=%2Fwp%2Fv2%2Fmedia&parent=724"}],"curies":[{"name":"wp","href":"https:\/\/api.w.org\/{rel}","templated":true}]}}