{"id":707,"date":"2018-10-01T14:26:21","date_gmt":"2018-10-01T14:26:21","guid":{"rendered":"http:\/\/pabianice.misjonarze.pl\/?page_id=707"},"modified":"2026-05-12T18:09:34","modified_gmt":"2026-05-12T16:09:34","slug":"strona-startowa","status":"publish","type":"page","link":"https:\/\/pabianice.misjonarze.pl\/","title":{"rendered":"Strona startowa"},"content":{"rendered":"<div style=\"text-align: center;\">\n<blockquote>\n<div><\/div>\n<\/blockquote>\n<\/div>\n<div style=\"text-align: center;\">\n<div><span style=\"color: #ff0000; font-family: verdana, geneva, sans-serif;\"><strong style=\"font-size: 18pt;\">OG\u0141OSZENIA PARAFIALNE<\/strong><\/span><\/div>\n<div><span style=\"color: #ff0000; font-family: verdana, geneva, sans-serif;\"><span style=\"font-size: 24px;\"><b>\u00a0VI NIEDZIELA WIELKANOCNA<\/b><\/span><\/span><\/div>\n<div><span style=\"color: #ff0000; font-family: verdana, geneva, sans-serif;\"><strong><span style=\"font-size: 18pt;\">10 maja 2026<\/span><\/strong><\/span><\/div>\n<div><\/div>\n<\/div>\n<div style=\"text-align: left;\">\n<p style=\"text-align: justify;\"><span style=\"font-size: 14pt;\">1) Dzisiaj i w tygodniu zapraszamy na wsp\u00f3lny \u015bpiew litanii loreta\u0144skiej o godz. 17.30. W Bychlewie \u015bpiewamy litanie loreta\u0144sk\u0105 przy kapliczkach. Zapraszamy tak\u017ce tam do licznego udzia\u0142u<\/span><\/p>\n<p style=\"text-align: justify;\"><span style=\"font-size: 14pt;\">2) W Bia\u0142ym Tygodniu dzieci I Komunii \u015bw. uczestnicz\u0105 w nabo\u017ce\u0144stwie majowym i we Mszy \u015bwi\u0119tej \u00a0o godz.\u00a018.00.<\/span><\/p>\n<p style=\"text-align: justify;\"><span style=\"font-size: 14pt;\">3) Ju\u017c dzisiaj informujemy, \u017ce Rocznica I Komunii \u015bwi\u0119tej dla dzieci z klas 4, b\u0119dzie w Niedziel\u0119 24 maja podczas Mszy \u015bwi\u0119tej o godz. 11.00.\u00a0<\/span><\/p>\n<p style=\"text-align: justify;\"><span style=\"font-size: 14pt;\">4) Przypominamy, i\u017c w najbli\u017csz\u0105 sobot\u0119 i niedziel\u0119 \u2013 16-17 maja &#8211; nasz\u0105 parafie nawiedzi ks. Bp Zbigniew Wo\u0142kowicz. To wizytacja kanoniczna, obywaj\u0105ca si\u0119 we wszystkich rzymskokatolickich parafiach w Polsce co 5 lat. Ks. Biskup spotka si\u0119 z ksi\u0119\u017cmi tutaj pracuj\u0105cymi i grupami parafii; w niedziel\u0119 odprawi msze \u015bwi\u0119te i wyg\u0142osi homilie &#8211; do Was drodzy Parafianie &#8211; o godz. 8.00; 9.30; 11.00 i 12.30.<\/span><\/p>\n<p style=\"text-align: justify;\"><span style=\"font-size: 14pt;\">5) Dzi\u0119kujemy Wam raz jeszcze za dzisiejsze ofiary na tac\u0119 na modernizacj\u0119 ogrzewania budynku tego ko\u015bcio\u0142a, a do puszek przy wyj\u015bciu za ofiary zbierane w ca\u0142ej Archidiecezji z przeznaczeniem na dzia\u0142alno\u015b\u0107 duszpastersk\u0105 Archidiecezji \u0141\u00f3dzkiej.<\/span><\/p>\n<p style=\"text-align: justify;\"><span style=\"font-size: 14pt;\">6) Spotkanie Wsp\u00f3lnoty Serce Wojownika b\u0119dzie dzisiaj o 19.00 w sali domu parafialnego. Zaprasza ks. Marcin.<\/span><\/p>\n<p style=\"text-align: justify;\"><span style=\"font-size: 14pt;\">7) Spotkanie Stowarzyszenia Mi\u0142osierdzia \u015bw. Wincentego, odb\u0119dzie si\u0119 poniedzia\u0142ek po Mszy wieczornej w domu parafialnym. Obecno\u015b\u0107 uczestnik\u00f3w obowi\u0105zkowa.<\/span><\/p>\n<p style=\"text-align: justify;\"><span style=\"font-size: 14pt;\">8) Na czuwanie przed Uroczysto\u015bci\u0105 Zes\u0142ania Ducha \u015awi\u0119tego zapraszaj\u0105 \u200bWsp\u00f3lnoty modlitewne z Pabianic. Wsp\u00f3lne czuwanie odb\u0119dzie si\u0119 w sobot\u0119 &#8211; 23 maja br. &#8211; o godz. 19.00 w ko\u015bciele \u015bw. Maksymiliana Marii Kolbego w Pabianicach.<\/span><\/p>\n<p style=\"text-align: justify;\"><span style=\"font-size: 14pt;\">9) Prasa katolicka do nabycia przy wyj\u015bciu z ko\u015bcio\u0142a.<\/span><\/p>\n<p style=\"text-align: justify;\"><span style=\"font-size: 14pt;\">10) Do wieczno\u015bci odeszli i pogrzeby ju\u017c si\u0119 odby\u0142y:<\/span><\/p>\n<p style=\"text-align: justify;\"><span style=\"font-size: 14pt;\">\u2022 \u015ap. Pawe\u0142 KUBIAK z ul. Reymonta<\/span><br \/>\n<span style=\"font-size: 14pt;\">\u2022 \u015ap. El\u017cbieta KLUCH z ul. Partyzanckiej<\/span><br \/>\n<span style=\"font-size: 14pt;\">\u2022 \u015ap. Aurelia \u0141OBODA z Bychlewa<\/span><br \/>\n<span style=\"font-size: 14pt;\">\u2022 \u015ap. Krystyna KOCIK z ul. Broniewskiego<\/span><\/p>\n<\/div>\n<div>\n<p><strong style=\"font-size: 18pt;\">Konto parafii:\u00a0<\/strong><\/p>\n<\/div>\n<p><span style=\"font-size: 18pt;\"><strong>72 1240 3044 1111 0000 2958 0039<\/strong><\/span><\/p>\n<p>&nbsp;<\/p>\n<p>&nbsp;<\/p>\n","protected":false},"excerpt":{"rendered":"<p>OG\u0141OSZENIA PARAFIALNE \u00a0VI NIEDZIELA WIELKANOCNA 10 maja 2026 1) Dzisiaj i w tygodniu zapraszamy na wsp\u00f3lny \u015bpiew litanii loreta\u0144skiej o godz. 17.30. W Bychlewie \u015bpiewamy litanie loreta\u0144sk\u0105 przy kapliczkach. Zapraszamy tak\u017ce tam do licznego&#46;&#46;&#46;<\/p>\n","protected":false},"author":1,"featured_media":0,"parent":0,"menu_order":0,"comment_status":"closed","ping_status":"closed","template":"","meta":{"footnotes":""},"class_list":["post-707","page","type-page","status-publish","hentry"],"jetpack_sharing_enabled":true,"jetpack_shortlink":"https:\/\/wp.me\/PakDx7-bp","_links":{"self":[{"href":"https:\/\/pabianice.misjonarze.pl\/index.php?rest_route=\/wp\/v2\/pages\/707","targetHints":{"allow":["GET"]}}],"collection":[{"href":"https:\/\/pabianice.misjonarze.pl\/index.php?rest_route=\/wp\/v2\/pages"}],"about":[{"href":"https:\/\/pabianice.misjonarze.pl\/index.php?rest_route=\/wp\/v2\/types\/page"}],"author":[{"embeddable":true,"href":"https:\/\/pabianice.misjonarze.pl\/index.php?rest_route=\/wp\/v2\/users\/1"}],"replies":[{"embeddable":true,"href":"https:\/\/pabianice.misjonarze.pl\/index.php?rest_route=%2Fwp%2Fv2%2Fcomments&post=707"}],"version-history":[{"count":966,"href":"https:\/\/pabianice.misjonarze.pl\/index.php?rest_route=\/wp\/v2\/pages\/707\/revisions"}],"predecessor-version":[{"id":9226,"href":"https:\/\/pabianice.misjonarze.pl\/index.php?rest_route=\/wp\/v2\/pages\/707\/revisions\/9226"}],"wp:attachment":[{"href":"https:\/\/pabianice.misjonarze.pl\/index.php?rest_route=%2Fwp%2Fv2%2Fmedia&parent=707"}],"curies":[{"name":"wp","href":"https:\/\/api.w.org\/{rel}","templated":true}]}}