{"id":678,"date":"2018-09-30T19:33:39","date_gmt":"2018-09-30T19:33:39","guid":{"rendered":"http:\/\/pabianice.misjonarze.pl\/?page_id=678"},"modified":"2018-09-30T19:33:39","modified_gmt":"2018-09-30T19:33:39","slug":"zgromadzenie-ksiezy-misjonarzy","status":"publish","type":"page","link":"https:\/\/pabianice.misjonarze.pl\/?page_id=678","title":{"rendered":"Zgromadzenie Ksi\u0119\u017cy Misjonarzy"},"content":{"rendered":"<p><strong><img data-recalc-dims=\"1\" loading=\"lazy\" decoding=\"async\" class=\"size-medium wp-image-246 alignleft\" src=\"https:\/\/i0.wp.com\/pabianice.misjonarze.pl\/wp-content\/uploads\/2018\/09\/2-HERB-MISJONARZE-263x300.jpg?resize=263%2C300\" alt=\"\" width=\"263\" height=\"300\" srcset=\"https:\/\/i0.wp.com\/pabianice.misjonarze.pl\/wp-content\/uploads\/2018\/09\/2-HERB-MISJONARZE.jpg?resize=263%2C300&amp;ssl=1 263w, https:\/\/i0.wp.com\/pabianice.misjonarze.pl\/wp-content\/uploads\/2018\/09\/2-HERB-MISJONARZE.jpg?resize=768%2C875&amp;ssl=1 768w, https:\/\/i0.wp.com\/pabianice.misjonarze.pl\/wp-content\/uploads\/2018\/09\/2-HERB-MISJONARZE.jpg?resize=899%2C1024&amp;ssl=1 899w, https:\/\/i0.wp.com\/pabianice.misjonarze.pl\/wp-content\/uploads\/2018\/09\/2-HERB-MISJONARZE.jpg?resize=730%2C832&amp;ssl=1 730w, https:\/\/i0.wp.com\/pabianice.misjonarze.pl\/wp-content\/uploads\/2018\/09\/2-HERB-MISJONARZE.jpg?w=1555&amp;ssl=1 1555w\" sizes=\"auto, (max-width: 263px) 100vw, 263px\" \/>Zgromadzenie Ksi\u0119\u017cy\u00a0<\/strong><strong>Misjonarzy<\/strong>\u00a0(Zgromadzenie Misji, Lazary\u015bci, Wincencjanie, Misjonarze) zosta\u0142o za\u0142o\u017cone przez\u00a0\u015bw. Wincentego \u00e1 Paulo w 1625\u00a0r. Skupia ono duchownych, kt\u00f3rzy podejmuj\u0105c\u00a0\u017cycie we wsp\u00f3lnocie pragn\u0105\u00a0po\u015bwi\u0119ci\u0107\u00a0si\u0119\u00a0g\u0142oszeniu Ewangelii. Has\u0142em Zgromadzenia jest: \u201eG\u0142osi\u0107\u00a0Ewangeli\u0119\u00a0ubogim pos\u0142a\u0142\u00a0mnie Pan\u201d. I to jest w\u0142a\u015bnie g\u0142\u00f3wny cel Zgromadzenia: na\u015bladowanie Chrystusa g\u0142osz\u0105cego Dobr\u0105\u00a0Nowin\u0119\u00a0ubogim. Wyra\u017ca si\u0119\u00a0to w prowadzeniu misji i rekolekcji parafialnych oraz w trosce o zapewnienie gorliwych duszpasterzy.<\/p>\n<p>Wsp\u00f3lnota Zgromadzenia Misji obejmuje kap\u0142an\u00f3w, braci i kleryk\u00f3w. Realizuj\u0105c duchowo\u015b\u0107\u00a0naszego Za\u0142o\u017cyciela sk\u0142adamy cztery\u00a0\u015bluby: wytrwania w pracy dla ubogich, czysto\u015bci, ub\u00f3stwa i pos\u0142usze\u0144stwa. Charakterystycznym rysem Zgromadzenia jest praktykowanie pi\u0119ciu cn\u00f3t ewangelicznych: pokory, prostoty,\u00a0\u0142agodno\u015bci, umartwienia oraz apostolskiej gorliwo\u015bci.<\/p>\n<p>Aktualnie ca\u0142e Zgromadzenie liczy na\u00a0\u015bwiecie oko\u0142o 4.000 ksi\u0119\u017cy, braci i alumn\u00f3w w 48 prowincjach i vice-prowincjach. Prowincja polska to 330 cz\u0142onk\u00f3w.<\/p>\n<p>Do Polski Misjonarze przybyli w roku 1651. Pierwszy dom zosta\u0142 utworzony w 1653\u00a0r. przy parafii\u00a0\u015bw. Krzy\u017ca w Warszawie. Przed rozbiorami podj\u0119li z rozmachem prowadzon\u0105\u00a0dzia\u0142alno\u015b\u0107\u00a0w formie misji ludowych, formacji duchowie\u0144stwa w wi\u0119kszo\u015bci seminari\u00f3w diecezjalnych, duszpasterstwa parafialnego oraz pracy charytatywnej.<\/p>\n<p>W okresie narodowej niewoli zaborcy zlikwidowali niemal wszystkie plac\u00f3wki Zgromadzenia. Odrodzenie prowincji nast\u0105pi\u0142o w Krakowie w roku 1865. Opr\u00f3cz terenu Galicji Misjonarze obj\u0119li duszpasterstwem Polak\u00f3w mieszkaj\u0105cych w USA i w Brazylii.<\/p>\n<p>Polska Prowincja w\u0142\u0105czy\u0142a si\u0119\u00a0w prac\u0119\u00a0misyjn\u0105\u00a0w Chinach, na Madagaskarze i w Zairze. Nowym polem pracy s\u0105\u00a0tereny pa\u0144stw, w kt\u00f3rych do niedawna Ko\u015bci\u00f3\u0142\u00a0by\u0142\u00a0prze\u015bladowany przez ateistyczne rz\u0105dy: Albania, Bia\u0142oru\u015b, Litwa i Ukraina. Prowincja pomaga r\u00f3wnie\u017c zagranicznym diecezjom, w kt\u00f3rych odczuwalny jest brak kap\u0142an\u00f3w zar\u00f3wno w krajach europejskich (Austria, Dania, Francja), jak i na innych kontynentach (Benin, Boliwia, Brazylia, USA). Obecnie poza krajem pos\u0142uguje oko\u0142o stu ksi\u0119\u017cy i braci wywodz\u0105cych si\u0119\u00a0z Polskiej Prowincji Zgromadzenia Misji.<\/p>\n","protected":false},"excerpt":{"rendered":"<p>Zgromadzenie Ksi\u0119\u017cy\u00a0Misjonarzy\u00a0(Zgromadzenie Misji, Lazary\u015bci, Wincencjanie, Misjonarze) zosta\u0142o za\u0142o\u017cone przez\u00a0\u015bw. Wincentego \u00e1 Paulo w 1625\u00a0r. Skupia ono duchownych, kt\u00f3rzy podejmuj\u0105c\u00a0\u017cycie we wsp\u00f3lnocie pragn\u0105\u00a0po\u015bwi\u0119ci\u0107\u00a0si\u0119\u00a0g\u0142oszeniu Ewangelii. Has\u0142em Zgromadzenia jest: \u201eG\u0142osi\u0107\u00a0Ewangeli\u0119\u00a0ubogim pos\u0142a\u0142\u00a0mnie Pan\u201d. I to jest w\u0142a\u015bnie g\u0142\u00f3wny&#46;&#46;&#46;<\/p>\n","protected":false},"author":1,"featured_media":0,"parent":0,"menu_order":0,"comment_status":"closed","ping_status":"closed","template":"","meta":{"jetpack_post_was_ever_published":false,"footnotes":""},"class_list":["post-678","page","type-page","status-publish","hentry"],"jetpack_sharing_enabled":true,"jetpack_shortlink":"https:\/\/wp.me\/PakDx7-aW","_links":{"self":[{"href":"https:\/\/pabianice.misjonarze.pl\/index.php?rest_route=\/wp\/v2\/pages\/678","targetHints":{"allow":["GET"]}}],"collection":[{"href":"https:\/\/pabianice.misjonarze.pl\/index.php?rest_route=\/wp\/v2\/pages"}],"about":[{"href":"https:\/\/pabianice.misjonarze.pl\/index.php?rest_route=\/wp\/v2\/types\/page"}],"author":[{"embeddable":true,"href":"https:\/\/pabianice.misjonarze.pl\/index.php?rest_route=\/wp\/v2\/users\/1"}],"replies":[{"embeddable":true,"href":"https:\/\/pabianice.misjonarze.pl\/index.php?rest_route=%2Fwp%2Fv2%2Fcomments&post=678"}],"version-history":[{"count":1,"href":"https:\/\/pabianice.misjonarze.pl\/index.php?rest_route=\/wp\/v2\/pages\/678\/revisions"}],"predecessor-version":[{"id":679,"href":"https:\/\/pabianice.misjonarze.pl\/index.php?rest_route=\/wp\/v2\/pages\/678\/revisions\/679"}],"wp:attachment":[{"href":"https:\/\/pabianice.misjonarze.pl\/index.php?rest_route=%2Fwp%2Fv2%2Fmedia&parent=678"}],"curies":[{"name":"wp","href":"https:\/\/api.w.org\/{rel}","templated":true}]}}