{"id":3972,"date":"2021-02-15T11:10:29","date_gmt":"2021-02-15T09:10:29","guid":{"rendered":"https:\/\/pabianice.misjonarze.pl\/?page_id=3972"},"modified":"2021-02-15T11:10:29","modified_gmt":"2021-02-15T09:10:29","slug":"litania-do-swietej-doroty","status":"publish","type":"page","link":"https:\/\/pabianice.misjonarze.pl\/?page_id=3972","title":{"rendered":"Litania do \u015awi\u0119tej Doroty"},"content":{"rendered":"<p><span style=\"font-family: arial, helvetica, sans-serif; font-size: 14pt;\"><img data-recalc-dims=\"1\" loading=\"lazy\" decoding=\"async\" class=\"alignright wp-image-3973 size-medium\" src=\"https:\/\/i0.wp.com\/pabianice.misjonarze.pl\/wp-content\/uploads\/dorota02.jpg?resize=226%2C300&#038;ssl=1\" alt=\"\" width=\"226\" height=\"300\" srcset=\"https:\/\/i0.wp.com\/pabianice.misjonarze.pl\/wp-content\/uploads\/dorota02.jpg?resize=226%2C300&amp;ssl=1 226w, https:\/\/i0.wp.com\/pabianice.misjonarze.pl\/wp-content\/uploads\/dorota02.jpg?resize=113%2C150&amp;ssl=1 113w, https:\/\/i0.wp.com\/pabianice.misjonarze.pl\/wp-content\/uploads\/dorota02.jpg?w=400&amp;ssl=1 400w\" sizes=\"auto, (max-width: 226px) 100vw, 226px\" \/><\/span><\/p>\n<p><span style=\"font-family: arial, helvetica, sans-serif; font-size: 14pt;\">Kyrie eleison. Chryste eleison. Kyrie eleison.<br \/>\nChryste, us\u0142ysz nas.<br \/>\nChryste, wys\u0142uchaj nas.<br \/>\nOjcze z nieba Bo\u017ce, zmi\u0142uj si\u0119 nad nami.<br \/>\nSynu, Odkupicielu \u015bwiata, Bo\u017ce,<br \/>\nDuchu \u015awi\u0119ty, Bo\u017ce,<br \/>\n\u015awi\u0119ta Tr\u00f3jco, jedyny Bo\u017ce,<\/span><\/p>\n<p><span style=\"font-family: arial, helvetica, sans-serif; font-size: 14pt;\">\u015awi\u0119ta Doroto, m\u00f3dl si\u0119 za nami<br \/>\n\u015awi\u0119ta Dziewico i M\u0119czennico,<br \/>\nWierna s\u0142u\u017cebnico Boga \u017cywego,<br \/>\nGorliwa pomno\u017cycielko chwa\u0142y Bo\u017cej,<br \/>\nUwielbiaj\u0105ca Pana nieba i ziemi,<br \/>\nUkazuj\u0105ca moc i dobro\u0107 Boga,<br \/>\nZ Bogiem na modlitwie zjednoczona,<br \/>\nMi\u0142uj\u0105ca Chrystusa ponad wszystko,<br \/>\nNazywaj\u0105ca Chrystusa swoim Oblubie\u0144cem,<br \/>\nSk\u0142adaj\u0105ca krwawe \u015bwiadectwo swej mi\u0142o\u015bci do Chrystusa,<br \/>\nUmacniana przez Ducha \u015awi\u0119tego w ci\u0119\u017ckich do\u015bwiadczeniach,<br \/>\nDo\u015bwiadczana przez potwarze i tortury,<br \/>\nM\u0119\u017cnie znosz\u0105ca z\u0142o\u015b\u0107 oprawc\u00f3w,<br \/>\nDoprowadzaj\u0105ca b\u0142\u0105dz\u0105ce siostry do Pana,<br \/>\nOddaj\u0105ca swoje \u017cycie w r\u0119ce Chrystusa,<br \/>\nCiesz\u0105ca si\u0119 w Niebie celem swoich t\u0119sknot,<br \/>\nOzdobo Ko\u015bcio\u0142a \u015bwi\u0119tego,<br \/>\nChwa\u0142o bohater\u00f3w chrze\u015bcija\u0144skich,<br \/>\nOdwa\u017cnie wyznaj\u0105ca wiar\u0119 \u015bwi\u0119t\u0105,<br \/>\nPrzyk\u0142adzie mocnej nadziei,<br \/>\nWzorze doskonalej mi\u0142o\u015bci, odrzucaj\u0105cej strach przed \u015bmierci\u0105,<br \/>\nJa\u015bniej\u0105ca cnotami chrze\u015bcija\u0144skimi,<br \/>\nPodziwu godny wzorze sta\u0142o\u015bci,<br \/>\nJa\u015bniej\u0105ca m\u0105dro\u015bci\u0105 i wierno\u015bci\u0105 prawdzie,<br \/>\nZbudowanie dla chrze\u015bcijan,<br \/>\nPot\u0119\u017cna or\u0119downiczko u Boga,<br \/>\nSzczeg\u00f3lna wspomo\u017cycielko prosz\u0105cych,<br \/>\nNadziejo do Ciebie si\u0119 uciekaj\u0105cych,<br \/>\nB\u0142\u0105dz\u0105cych prowadz\u0105ca do Boga,<br \/>\nWypraszaj\u0105ca grzesznikom \u0142ask\u0119 pokuty,<br \/>\nPatronko cierpi\u0105cych,<br \/>\nPatronko b\u0142ogos\u0142awionej \u015bmierci,<br \/>\nProwadz\u0105ca do \u017cycia wiar\u0105 i mi\u0142o\u015bci\u0105,<\/span><\/p>\n<p><span style=\"font-family: arial, helvetica, sans-serif; font-size: 14pt;\"><br \/>\nBaranku Bo\u017cy, kt\u00f3ry g\u0142adzisz grzechy \u015bwiata, przepu\u015b\u0107 nam Panie.<br \/>\nBaranku Bo\u017cy, kt\u00f3ry g\u0142adzisz grzechy \u015bwiata, wys\u0142uchaj nas Panie.<br \/>\nBaranku Bo\u017cy, kt\u00f3ry g\u0142adzisz grzechy \u015bwiata, zmi\u0142uj si\u0119 nad nami.<br \/>\n<\/span><\/p>\n<p><span style=\"font-family: arial, helvetica, sans-serif; font-size: 14pt;\"><br \/>\nM\u00f3dl si\u0119 za nami \u015awi\u0119ta Doroto,<br \/>\nAby\u015bmy si\u0119 stali godnymi obietnic Chrystusowych.<br \/>\n<\/span><\/p>\n<p><span style=\"font-family: arial, helvetica, sans-serif; font-size: 14pt;\"><br \/>\nM\u00f3dlmy si\u0119:\u00a0 Panie, \u015awi\u0119ta Dorota dziewica i m\u0119czennica niech nam wyb\u0142aga mi\u0142osierdzie Twoje, ona bowiem mila Tobie by\u0142a tak dla zas\u0142ug czysto\u015bci jak i w m\u0119cze\u0144stwie, kt\u00f3rym wyznawa\u0142a Twoja moc.\u00a0 Przez Chrystusa Pana naszego.\u00a0 Amen.<\/span><\/p>\n","protected":false},"excerpt":{"rendered":"<p>Kyrie eleison. Chryste eleison. Kyrie eleison. Chryste, us\u0142ysz nas. Chryste, wys\u0142uchaj nas. Ojcze z nieba Bo\u017ce, zmi\u0142uj si\u0119 nad nami. Synu, Odkupicielu \u015bwiata, Bo\u017ce, Duchu \u015awi\u0119ty, Bo\u017ce, \u015awi\u0119ta Tr\u00f3jco, jedyny Bo\u017ce, \u015awi\u0119ta Doroto, m\u00f3dl&#46;&#46;&#46;<\/p>\n","protected":false},"author":1,"featured_media":0,"parent":0,"menu_order":0,"comment_status":"closed","ping_status":"closed","template":"","meta":{"footnotes":""},"class_list":["post-3972","page","type-page","status-publish","hentry"],"jetpack_sharing_enabled":true,"jetpack_shortlink":"https:\/\/wp.me\/PakDx7-124","_links":{"self":[{"href":"https:\/\/pabianice.misjonarze.pl\/index.php?rest_route=\/wp\/v2\/pages\/3972","targetHints":{"allow":["GET"]}}],"collection":[{"href":"https:\/\/pabianice.misjonarze.pl\/index.php?rest_route=\/wp\/v2\/pages"}],"about":[{"href":"https:\/\/pabianice.misjonarze.pl\/index.php?rest_route=\/wp\/v2\/types\/page"}],"author":[{"embeddable":true,"href":"https:\/\/pabianice.misjonarze.pl\/index.php?rest_route=\/wp\/v2\/users\/1"}],"replies":[{"embeddable":true,"href":"https:\/\/pabianice.misjonarze.pl\/index.php?rest_route=%2Fwp%2Fv2%2Fcomments&post=3972"}],"version-history":[{"count":1,"href":"https:\/\/pabianice.misjonarze.pl\/index.php?rest_route=\/wp\/v2\/pages\/3972\/revisions"}],"predecessor-version":[{"id":3974,"href":"https:\/\/pabianice.misjonarze.pl\/index.php?rest_route=\/wp\/v2\/pages\/3972\/revisions\/3974"}],"wp:attachment":[{"href":"https:\/\/pabianice.misjonarze.pl\/index.php?rest_route=%2Fwp%2Fv2%2Fmedia&parent=3972"}],"curies":[{"name":"wp","href":"https:\/\/api.w.org\/{rel}","templated":true}]}}