{"id":3949,"date":"2021-02-13T11:24:01","date_gmt":"2021-02-13T09:24:01","guid":{"rendered":"https:\/\/pabianice.misjonarze.pl\/?page_id=3949"},"modified":"2021-02-13T11:24:01","modified_gmt":"2021-02-13T09:24:01","slug":"litania-do-swietego-antoniego","status":"publish","type":"page","link":"https:\/\/pabianice.misjonarze.pl\/?page_id=3949","title":{"rendered":"Litania do \u015awi\u0119tego Antoniego"},"content":{"rendered":"<p><span style=\"font-family: Arial; font-size: 14pt;\"><img data-recalc-dims=\"1\" loading=\"lazy\" decoding=\"async\" class=\"alignright wp-image-3950 size-medium\" src=\"https:\/\/i0.wp.com\/pabianice.misjonarze.pl\/wp-content\/uploads\/antoni.jpg?resize=219%2C300&#038;ssl=1\" alt=\"\" width=\"219\" height=\"300\" srcset=\"https:\/\/i0.wp.com\/pabianice.misjonarze.pl\/wp-content\/uploads\/antoni-scaled.jpg?resize=219%2C300&amp;ssl=1 219w, https:\/\/i0.wp.com\/pabianice.misjonarze.pl\/wp-content\/uploads\/antoni-scaled.jpg?resize=747%2C1024&amp;ssl=1 747w, https:\/\/i0.wp.com\/pabianice.misjonarze.pl\/wp-content\/uploads\/antoni-scaled.jpg?resize=109%2C150&amp;ssl=1 109w, https:\/\/i0.wp.com\/pabianice.misjonarze.pl\/wp-content\/uploads\/antoni-scaled.jpg?resize=768%2C1052&amp;ssl=1 768w, https:\/\/i0.wp.com\/pabianice.misjonarze.pl\/wp-content\/uploads\/antoni-scaled.jpg?resize=1121%2C1536&amp;ssl=1 1121w, https:\/\/i0.wp.com\/pabianice.misjonarze.pl\/wp-content\/uploads\/antoni-scaled.jpg?resize=1495%2C2048&amp;ssl=1 1495w, https:\/\/i0.wp.com\/pabianice.misjonarze.pl\/wp-content\/uploads\/antoni-scaled.jpg?resize=725%2C993&amp;ssl=1 725w, https:\/\/i0.wp.com\/pabianice.misjonarze.pl\/wp-content\/uploads\/antoni-scaled.jpg?w=1868&amp;ssl=1 1868w\" sizes=\"auto, (max-width: 219px) 100vw, 219px\" \/><\/span><\/p>\n<p><span style=\"font-family: Arial; font-size: 14pt;\">Kyrie eleison. Chryste eleison. Kyrie eleison<br \/>\nChryste, us\u0142ysz nas<br \/>\nChryste, wys\u0142uchaj nas<br \/>\nOjcze z nieba Bo\u017ce, zmi\u0142uj si\u0119 nad nami<br \/>\nSynu, Odkupicielu \u015bwiata, Bo\u017ce<br \/>\nDuchu \u015awi\u0119ty, Bo\u017ce<br \/>\n\u015awi\u0119ta Tr\u00f3jco, jedyny Bo\u017ce<\/span><\/p>\n<p><span style=\"font-family: Arial; font-size: 14pt;\"><br \/>\n\u015awi\u0119ty Antoni Padewski, m\u00f3dl si\u0119 za nami<br \/>\n\u015awi\u0119ty Antoni przyjacielu serdeczny Dzieci\u0105tka Jezus,<br \/>\n\u015awi\u0119ty Antoni, s\u0142ugo Matki Niepokalanej,<br \/>\n\u015awi\u0119ty Antoni, wierny s\u0142ugo \u015bwi\u0119tego Franciszka,<br \/>\n\u015awi\u0119ty Antoni, m\u0119\u017cu \u015bwi\u0119tej modlitwy,<br \/>\n\u015awi\u0119ty Antoni, per\u0142o ub\u00f3stwa,<br \/>\n\u015awi\u0119ty Antoni, lilio czysto\u015bci,<br \/>\n\u015awi\u0119ty Antoni, obrazie pos\u0142usze\u0144stwa,<br \/>\n\u015awi\u0119ty Antoni, mi\u0142o\u015bniku \u017cycia ukrytego,<br \/>\n\u015awi\u0119ty Antoni, gardz\u0105cy chwa\u0142\u0105 ziemsk\u0105,<br \/>\n\u015awi\u0119ty Antoni, wzorze mi\u0142o\u015bci Bo\u017cej,<br \/>\n\u015awi\u0119ty Antoni, zwierciad\u0142o cnoty,<br \/>\n\u015awi\u0119ty Antoni, kap\u0142anie wed\u0142ug Serca Bo\u017cego,<br \/>\n\u015awi\u0119ty Antoni, za wiar\u0119 got\u00f3w na m\u0119cze\u0144stwo,<br \/>\n\u015awi\u0119ty Antoni, filarze Ko\u015bcio\u0142a \u015bwi\u0119tego,<br \/>\n\u015awi\u0119ty Antoni, apostole dusz ludzkich,<br \/>\n\u015awi\u0119ty Antoni, bojowniku wiary,<br \/>\n\u015awi\u0119ty Antoni, nauczycielu prawdy,<br \/>\n\u015awi\u0119ty Antoni, pot\u0119\u017cny kaznodziejo Ewangelii,<br \/>\n\u015awi\u0119ty Antoni, nawracaj\u0105cy grzesznik\u00f3w,<br \/>\n\u015awi\u0119ty Antoni, pogromco wyst\u0119pk\u00f3w,<br \/>\n\u015awi\u0119ty Antoni, aniele pokoju,<br \/>\n\u015awi\u0119ty Antoni, odnowicielu dobrych obyczaj\u00f3w,<br \/>\n\u015awi\u0119ty Antoni, zwyci\u0119zco serc,<br \/>\n\u015awi\u0119ty Antoni, opiekunie uci\u015bnionych,<br \/>\n\u015awi\u0119ty Antoni, postrachu z\u0142ych duch\u00f3w,<br \/>\n\u015awi\u0119ty Antoni, wskrzeszaj\u0105cy umar\u0142ych,<br \/>\n\u015awi\u0119ty Antoni, przywr\u00f3cenie rzeczy zgubione,<br \/>\n\u015awi\u0119ty Antoni, chwalebny cudotw\u00f3rco,<br \/>\n\u015awi\u0119ty Antoni, \u015bwi\u0119ty ca\u0142ego \u015bwiata,<br \/>\n\u015awi\u0119ty Antoni, ozdobo zakonu Serafickiego,<br \/>\n\u015awi\u0119ty Antoni, wesele dworu niebieskiego,<br \/>\n\u015awi\u0119ty Antoni, drogi u Boga nasz po\u015bredniku,<\/p>\n<p>Baranku Bo\u017cy, kt\u00f3ry g\u0142adzisz grzechy \u015bwiata, przepu\u015b\u0107 nam Panie<br \/>\nBaranku Bo\u017cy, kt\u00f3ry g\u0142adzisz grzechy \u015bwiata, wys\u0142uchaj nas Panie<br \/>\nBaranku Bo\u017cy, kt\u00f3ry g\u0142adzisz grzechy \u015bwiata, zmi\u0142uj si\u0119 nad nami<\/p>\n<p>M\u00f3dl si\u0119 za nami \u015bwi\u0119ty Antoni<br \/>\nAby\u015bmy si\u0119 stali godnymi obietnic Chrystusowych<\/p>\n<p>M\u00f3dlmy si\u0119:\u00a0 Niech pomo\u017ce ludowi Twojemu, prosimy Ci\u0119, Panie, przezacnego wyznawcy Twego, \u015awi\u0119tego Antoniego, nabo\u017cna i ustawiczna modlitwa, kt\u00f3ry by nas na tym \u015bwiecie Twej \u0142aski godnymi uczyni\u0142, a w przysz\u0142ym wieczn\u0105 rado\u015b\u0107 darowa\u0142. Przez Chrystusa, Pana naszego. Amen.<\/span><\/p>\n","protected":false},"excerpt":{"rendered":"<p>Kyrie eleison. Chryste eleison. Kyrie eleison Chryste, us\u0142ysz nas Chryste, wys\u0142uchaj nas Ojcze z nieba Bo\u017ce, zmi\u0142uj si\u0119 nad nami Synu, Odkupicielu \u015bwiata, Bo\u017ce Duchu \u015awi\u0119ty, Bo\u017ce \u015awi\u0119ta Tr\u00f3jco, jedyny Bo\u017ce \u015awi\u0119ty Antoni Padewski,&#46;&#46;&#46;<\/p>\n","protected":false},"author":1,"featured_media":0,"parent":0,"menu_order":0,"comment_status":"closed","ping_status":"closed","template":"","meta":{"footnotes":""},"class_list":["post-3949","page","type-page","status-publish","hentry"],"jetpack_sharing_enabled":true,"jetpack_shortlink":"https:\/\/wp.me\/PakDx7-11H","_links":{"self":[{"href":"https:\/\/pabianice.misjonarze.pl\/index.php?rest_route=\/wp\/v2\/pages\/3949","targetHints":{"allow":["GET"]}}],"collection":[{"href":"https:\/\/pabianice.misjonarze.pl\/index.php?rest_route=\/wp\/v2\/pages"}],"about":[{"href":"https:\/\/pabianice.misjonarze.pl\/index.php?rest_route=\/wp\/v2\/types\/page"}],"author":[{"embeddable":true,"href":"https:\/\/pabianice.misjonarze.pl\/index.php?rest_route=\/wp\/v2\/users\/1"}],"replies":[{"embeddable":true,"href":"https:\/\/pabianice.misjonarze.pl\/index.php?rest_route=%2Fwp%2Fv2%2Fcomments&post=3949"}],"version-history":[{"count":1,"href":"https:\/\/pabianice.misjonarze.pl\/index.php?rest_route=\/wp\/v2\/pages\/3949\/revisions"}],"predecessor-version":[{"id":3951,"href":"https:\/\/pabianice.misjonarze.pl\/index.php?rest_route=\/wp\/v2\/pages\/3949\/revisions\/3951"}],"wp:attachment":[{"href":"https:\/\/pabianice.misjonarze.pl\/index.php?rest_route=%2Fwp%2Fv2%2Fmedia&parent=3949"}],"curies":[{"name":"wp","href":"https:\/\/api.w.org\/{rel}","templated":true}]}}