{"id":3578,"date":"2020-12-06T18:17:34","date_gmt":"2020-12-06T16:17:34","guid":{"rendered":"https:\/\/pabianice.misjonarze.pl\/?page_id=3578"},"modified":"2020-12-06T18:17:34","modified_gmt":"2020-12-06T16:17:34","slug":"potrzebne-osocze","status":"publish","type":"page","link":"https:\/\/pabianice.misjonarze.pl\/?page_id=3578","title":{"rendered":"Potrzebne osocze"},"content":{"rendered":"<p align=\"justify\"><img data-recalc-dims=\"1\" loading=\"lazy\" decoding=\"async\" class=\"alignleft size-thumbnail wp-image-3579\" src=\"https:\/\/i0.wp.com\/pabianice.misjonarze.pl\/wp-content\/uploads\/osocze.jpg?resize=150%2C100&#038;ssl=1\" alt=\"\" width=\"150\" height=\"100\" srcset=\"https:\/\/i0.wp.com\/pabianice.misjonarze.pl\/wp-content\/uploads\/osocze.jpg?resize=150%2C100&amp;ssl=1 150w, https:\/\/i0.wp.com\/pabianice.misjonarze.pl\/wp-content\/uploads\/osocze.jpg?resize=300%2C200&amp;ssl=1 300w, https:\/\/i0.wp.com\/pabianice.misjonarze.pl\/wp-content\/uploads\/osocze.jpg?resize=1024%2C683&amp;ssl=1 1024w, https:\/\/i0.wp.com\/pabianice.misjonarze.pl\/wp-content\/uploads\/osocze.jpg?resize=768%2C512&amp;ssl=1 768w, https:\/\/i0.wp.com\/pabianice.misjonarze.pl\/wp-content\/uploads\/osocze.jpg?resize=725%2C483&amp;ssl=1 725w, https:\/\/i0.wp.com\/pabianice.misjonarze.pl\/wp-content\/uploads\/osocze.jpg?w=1200&amp;ssl=1 1200w\" sizes=\"auto, (max-width: 150px) 100vw, 150px\" \/><\/p>\n<p class=\"western\" align=\"justify\"><span style=\"font-family: arial, helvetica, sans-serif; font-size: 14pt;\"><span style=\"color: #000000;\">W tych trudnych czasach, poza wsparciem materialnym dla przeci\u0105\u017conych szpitali, kt\u00f3re zapewni\u0142a ju\u017c Archidiecezja \u0141\u00f3dzka finansuj\u0105c zakup respirator\u00f3w, potrzebne jest wsparcie wszystkich, <\/span><span style=\"color: #000000;\"><b>kt\u00f3rzy przeszli ju\u017c zaka\u017cenie<\/b><\/span><span style=\"color: #000000;\"> wirusem SARS-CoV-2, poprzez <\/span><span style=\"color: #000000;\"><b>oddawanie osocza<\/b><\/span><span style=\"color: #000000;\">. Ka\u017cda osoba, kt\u00f3ra przesz\u0142a ju\u017c zaka\u017cenie, po up\u0142ywie 28 dni od ust\u0105pienia objaw\u00f3w mo\u017ce zg\u0142osi\u0107 si\u0119 telefonicznie do <\/span><span style=\"color: #000000;\"><b>Regionalnego Centrum Krwiodawstwa i Krwiolecznictwa w \u0141odzi <\/b><\/span><span style=\"color: #000000;\">(tel. 42 61 61 457), gdzie po zebraniu wywiadu medycznego, b\u0119dzie zakwalifikowana do oddania osocza, niezale\u017cnie od tego, czy zaka\u017cenie przebiega\u0142o u niej \u0142agodnie czy te\u017c wi\u0105za\u0142o si\u0119 z wyst\u0105pieniem ostrego zespo\u0142u COVID-19.<\/span><\/span><\/p>\n<p class=\"western\" align=\"justify\"><span style=\"color: #000000; font-family: arial, helvetica, sans-serif; font-size: 14pt;\">W tej sytuacji, w duchu chrze\u015bcija\u0144skiej mi\u0142o\u015bci, zach\u0119camy wszystkich, kt\u00f3rzy przeszli zaka\u017cenie wirusem SARS-CoV-2, do oddawania osocza.<\/span><\/p>\n","protected":false},"excerpt":{"rendered":"<p>W tych trudnych czasach, poza wsparciem materialnym dla przeci\u0105\u017conych szpitali, kt\u00f3re zapewni\u0142a ju\u017c Archidiecezja \u0141\u00f3dzka finansuj\u0105c zakup respirator\u00f3w, potrzebne jest wsparcie wszystkich, kt\u00f3rzy przeszli ju\u017c zaka\u017cenie wirusem SARS-CoV-2, poprzez oddawanie osocza. Ka\u017cda osoba, kt\u00f3ra&#46;&#46;&#46;<\/p>\n","protected":false},"author":1,"featured_media":0,"parent":0,"menu_order":0,"comment_status":"closed","ping_status":"closed","template":"","meta":{"footnotes":""},"class_list":["post-3578","page","type-page","status-publish","hentry"],"jetpack_sharing_enabled":true,"jetpack_shortlink":"https:\/\/wp.me\/PakDx7-VI","_links":{"self":[{"href":"https:\/\/pabianice.misjonarze.pl\/index.php?rest_route=\/wp\/v2\/pages\/3578","targetHints":{"allow":["GET"]}}],"collection":[{"href":"https:\/\/pabianice.misjonarze.pl\/index.php?rest_route=\/wp\/v2\/pages"}],"about":[{"href":"https:\/\/pabianice.misjonarze.pl\/index.php?rest_route=\/wp\/v2\/types\/page"}],"author":[{"embeddable":true,"href":"https:\/\/pabianice.misjonarze.pl\/index.php?rest_route=\/wp\/v2\/users\/1"}],"replies":[{"embeddable":true,"href":"https:\/\/pabianice.misjonarze.pl\/index.php?rest_route=%2Fwp%2Fv2%2Fcomments&post=3578"}],"version-history":[{"count":1,"href":"https:\/\/pabianice.misjonarze.pl\/index.php?rest_route=\/wp\/v2\/pages\/3578\/revisions"}],"predecessor-version":[{"id":3580,"href":"https:\/\/pabianice.misjonarze.pl\/index.php?rest_route=\/wp\/v2\/pages\/3578\/revisions\/3580"}],"wp:attachment":[{"href":"https:\/\/pabianice.misjonarze.pl\/index.php?rest_route=%2Fwp%2Fv2%2Fmedia&parent=3578"}],"curies":[{"name":"wp","href":"https:\/\/api.w.org\/{rel}","templated":true}]}}