{"id":3051,"date":"2020-08-14T11:53:13","date_gmt":"2020-08-14T09:53:13","guid":{"rendered":"https:\/\/pabianice.misjonarze.pl\/?page_id=3051"},"modified":"2021-02-12T16:13:27","modified_gmt":"2021-02-12T14:13:27","slug":"do-swietej-moniki","status":"publish","type":"page","link":"https:\/\/pabianice.misjonarze.pl\/?page_id=3051","title":{"rendered":"Litania do \u015awi\u0119tej Moniki"},"content":{"rendered":"<div><\/div>\n<div><span style=\"font-family: arial, helvetica, sans-serif; font-size: 18pt; color: #000080;\"><br \/>\n<img data-recalc-dims=\"1\" loading=\"lazy\" decoding=\"async\" class=\"alignright wp-image-3052 size-medium\" src=\"https:\/\/i0.wp.com\/pabianice.misjonarze.pl\/wp-content\/uploads\/monika.jpg?resize=300%2C265&#038;ssl=1\" alt=\"\" width=\"300\" height=\"265\" srcset=\"https:\/\/i0.wp.com\/pabianice.misjonarze.pl\/wp-content\/uploads\/monika.jpg?resize=300%2C265&amp;ssl=1 300w, https:\/\/i0.wp.com\/pabianice.misjonarze.pl\/wp-content\/uploads\/monika.jpg?resize=150%2C132&amp;ssl=1 150w, https:\/\/i0.wp.com\/pabianice.misjonarze.pl\/wp-content\/uploads\/monika.jpg?w=431&amp;ssl=1 431w\" sizes=\"auto, (max-width: 300px) 100vw, 300px\" \/><\/span><\/div>\n<div><span style=\"color: #0000ff; font-family: arial, helvetica, sans-serif; font-size: 14pt; text-align: justify;\">Kyrie eleison, Christe eleison, Kyrie eleison.<\/span><\/div>\n<div>\n<p style=\"text-align: justify;\"><span style=\"color: #0000ff; font-family: arial, helvetica, sans-serif; font-size: 14pt;\">Chryste, us\u0142ysz nas. Chryste, wys\u0142uchaj nas.<\/span><br \/>\n<span style=\"color: #0000ff; font-family: arial, helvetica, sans-serif; font-size: 14pt;\">Ojcze z nieba, Bo\u017ce, zmi\u0142uj si\u0119 nad nami.<\/span><br \/>\n<span style=\"color: #0000ff; font-family: arial, helvetica, sans-serif; font-size: 14pt;\">Synu, Odkupicielu \u015bwiata, Bo\u017ce,<\/span><br \/>\n<span style=\"color: #0000ff; font-family: arial, helvetica, sans-serif; font-size: 14pt;\">Duchu \u015awi\u0119ty, Bo\u017ce,<\/span><br \/>\n<span style=\"color: #0000ff; font-family: arial, helvetica, sans-serif; font-size: 14pt;\">\u015awi\u0119ta Tr\u00f3jco, Jedyny Bo\u017ce,<\/span><\/p>\n<p style=\"text-align: justify;\"><span style=\"color: #0000ff; font-family: arial, helvetica, sans-serif; font-size: 14pt;\">\u015awi\u0119ta Maryjo, bez grzechu pocz\u0119ta, m\u00f3dl si\u0119 za nami i za naszymi dzie\u0107mi.<\/span><br \/>\n<span style=\"color: #0000ff; font-family: arial, helvetica, sans-serif; font-size: 14pt;\">\u015awi\u0119ta Maryjo, wspania\u0142a Matko Jezusa Chrystusa, m\u00f3dl si\u0119 za nami i za naszymi dzie\u0107mi.<\/span><br \/>\n<span style=\"color: #0000ff; font-family: arial, helvetica, sans-serif; font-size: 14pt;\">\u015awi\u0119ta Moniko, m\u00f3dl si\u0119 za nami<\/span><br \/>\n<span style=\"color: #0000ff; font-family: arial, helvetica, sans-serif; font-size: 14pt;\">Wzorze \u017con, m\u00f3dl si\u0119 za nami<\/span><br \/>\n<span style=\"color: #0000ff; font-family: arial, helvetica, sans-serif; font-size: 14pt;\">Ty, kt\u00f3ra doprowadzi\u0142a\u015b do nawr\u00f3cenia swego niewierz\u0105cego m\u0119\u017ca, matko \u015awi\u0119tego Augustyna, &#8230;<\/span><br \/>\n<span style=\"color: #0000ff; font-family: arial, helvetica, sans-serif; font-size: 14pt;\">Wymagaj\u0105ca i roztropna nauczycielko i stra\u017cniczko twego syna na wszystkich jego \u017cyciowych drogach,<\/span><br \/>\n<span style=\"color: #0000ff; font-family: arial, helvetica, sans-serif; font-size: 14pt;\">Ty, kt\u00f3ra ostro\u017cnie czuwa\u0142a\u015b nad jego post\u0119powaniem,<\/span><br \/>\n<span style=\"color: #0000ff; font-family: arial, helvetica, sans-serif; font-size: 14pt;\">Ty, kt\u00f3ra dotkliwie cierpia\u0142a\u015b z powodu jego b\u0142\u0119d\u00f3w,<\/span><br \/>\n<span style=\"color: #0000ff; font-family: arial, helvetica, sans-serif; font-size: 14pt;\">Ty, kt\u00f3ra nie ustawa\u0142a\u015b w swoich b\u0142aganiach o ratunek dla jego duszy,<\/span><br \/>\n<span style=\"color: #0000ff; font-family: arial, helvetica, sans-serif; font-size: 14pt;\">Ty, kt\u00f3ra nie traci\u0142a\u015b nadziei nawet po\u015br\u00f3d rozgoryczenia rodz\u0105cego si\u0119 w twym sercu i potoku \u0142ez,<\/span><br \/>\n<span style=\"color: #0000ff; font-family: arial, helvetica, sans-serif; font-size: 14pt;\">Ty, kt\u00f3ra zosta\u0142a\u015b nape\u0142niona pociech\u0105, kiedy Tw\u00f3j syn powr\u00f3ci\u0142 do Boga,<\/span><br \/>\n<span style=\"color: #0000ff; font-family: arial, helvetica, sans-serif; font-size: 14pt;\">Ty, kt\u00f3ra spokojnie odesz\u0142a\u015b do Pana, kiedy wiernie wype\u0142ni\u0142a\u015b swoje ziemskie obowi\u0105zki,<\/span><br \/>\n<span style=\"color: #0000ff; font-family: arial, helvetica, sans-serif; font-size: 14pt;\">Ty, kt\u00f3ra wstawiasz si\u0119 za wszystkimi matkami, kt\u00f3re modl\u0105 si\u0119 i p\u0142acz\u0105 tak samo jak Ty,<\/span><\/p>\n<p style=\"text-align: justify;\"><span style=\"color: #0000ff; font-family: arial, helvetica, sans-serif; font-size: 14pt;\">Chro\u0144 niewinno\u015b\u0107 naszych dzieci, prosimy Ci\u0119, \u015awi\u0119ta Moniko.<\/span><br \/>\n<span style=\"color: #0000ff; font-family: arial, helvetica, sans-serif; font-size: 14pt;\">Chro\u0144 je przed krzywd\u0105 ze strony z\u0142ych ludzi,<\/span><br \/>\n<span style=\"color: #0000ff; font-family: arial, helvetica, sans-serif; font-size: 14pt;\">Chro\u0144 je przed niebezpiecze\u0144stwami p\u0142yn\u0105cymi ze z\u0142ego przyk\u0142adu,<\/span><br \/>\n<span style=\"color: #0000ff; font-family: arial, helvetica, sans-serif; font-size: 14pt;\">Czuwaj nad dzia\u0142aniem \u0142aski w ich sercach, prosimy Ci\u0119, \u015awi\u0119ta Moniko.<\/span><br \/>\n<span style=\"color: #0000ff; font-family: arial, helvetica, sans-serif; font-size: 14pt;\">M\u00f3dl si\u0119, aby warto\u015bci chrze\u015bcija\u0144skie zakorzeni\u0142y si\u0119 g\u0142\u0119boko w ich sercach i przynios\u0142y wiele owoc\u00f3w, prosimy Ci\u0119 \u015awi\u0119ta Moniko,<\/span><br \/>\n<span style=\"color: #0000ff; font-family: arial, helvetica, sans-serif; font-size: 14pt;\">Wstawiaj si\u0119 \u017carliwie za m\u0142odzie\u017c\u0105, kt\u00f3ra wchodzi w wiek doros\u0142y,<\/span><br \/>\n<span style=\"color: #0000ff; font-family: arial, helvetica, sans-serif; font-size: 14pt;\">Dla wszystkich, kt\u00f3rzy trwaj\u0105 w grzechach ci\u0119\u017ckich, wyb\u0142agaj skruch\u0119 i szczere nawr\u00f3cenie,<\/span><br \/>\n<span style=\"color: #0000ff; font-family: arial, helvetica, sans-serif; font-size: 14pt;\">Pro\u015b za wszystkimi matkami, aby wytrwale i z gotowo\u015bci\u0105 wype\u0142nia\u0142y swoje macierzy\u0144skie obowi\u0105zki,<\/span><br \/>\n<span style=\"color: #0000ff; font-family: arial, helvetica, sans-serif; font-size: 14pt;\">Powierzaj wszystkie matki opiece Przenaj\u015bwi\u0119tszej Maryi Panny, Matk\u0119 naszego Pana,<\/span><br \/>\n<span style=\"color: #0000ff; font-family: arial, helvetica, sans-serif; font-size: 14pt;\">Nak\u0142o\u0144 \u0142askawie serce swego umi\u0142owanego syna, \u015bw. Augustyna, aby ratowa\u0142 nasze dzieci,<\/span><\/p>\n<p style=\"text-align: justify;\"><span style=\"color: #0000ff; font-family: arial, helvetica, sans-serif; font-size: 14pt;\">\u015awi\u0119ty Augustynie, \u015bwi\u0119ty synu \u015awi\u0119tej matki, m\u00f3dl si\u0119 za nami i za naszymi dzie\u0107mi.<\/span><\/p>\n<p style=\"text-align: justify;\"><span style=\"color: #0000ff; font-family: arial, helvetica, sans-serif; font-size: 14pt;\">Baranku Bo\u017cy, kt\u00f3ry g\u0142adzisz grzechy \u015bwiata, przepu\u015b\u0107 nam, Panie.<\/span><br \/>\n<span style=\"color: #0000ff; font-family: arial, helvetica, sans-serif; font-size: 14pt;\">Baranku Bo\u017cy, kt\u00f3ry g\u0142adzisz grzechy \u015bwiata, wys\u0142uchaj nas, Panie.<\/span><br \/>\n<span style=\"color: #0000ff; font-family: arial, helvetica, sans-serif; font-size: 14pt;\">Baranku Bo\u017cy, kt\u00f3ry g\u0142adzisz grzechy \u015bwiata, zmi\u0142uj si\u0119 nad nami.<\/span><\/p>\n<p style=\"text-align: justify;\"><span style=\"color: #0000ff; font-family: arial, helvetica, sans-serif; font-size: 14pt;\">P: M\u00f3dl si\u0119 za nami, \u015bw. Moniko.<\/span><br \/>\n<span style=\"color: #0000ff; font-family: arial, helvetica, sans-serif; font-size: 14pt;\">W: Aby\u015bmy si\u0119 stali godnymi obietnic Chrystusowych.<\/span><\/p>\n<p style=\"text-align: justify;\"><span style=\"color: #0000ff; font-family: arial, helvetica, sans-serif; font-size: 14pt;\">M\u00f3dlmy si\u0119: Wszechmog\u0105cy Bo\u017ce, kt\u00f3ry wys\u0142ucha\u0142e\u015b \u017carliwych pr\u00f3\u015bb \u015bw. Moniki, spraw, prosimy, aby\u015bmy za jej przyk\u0142adem nie ustawali w naszych modlitwach i zawsze we wszystkim zgadzali si\u0119 z wol\u0105 Twoj\u0105 \u015bwi\u0119t\u0105. Amen.<\/span><\/p>\n<p style=\"text-align: justify;\"><strong><span style=\"color: #0000ff; font-family: arial, helvetica, sans-serif; font-size: 14pt;\">Modlitwa \u017cony i matki<\/span><\/strong><\/p>\n<p style=\"text-align: justify;\"><span style=\"color: #0000ff; font-family: arial, helvetica, sans-serif; font-size: 14pt;\">Bo\u017ce, Ty, kt\u00f3ry dostrzeg\u0142e\u015b szczere \u0142zy i b\u0142agania \u015awi\u0119tej Moniki i odpowiedzia\u0142e\u015b na jej modlitwy nawr\u00f3ceniem jej m\u0119\u017ca i syna, udziel mi \u0142aski, abym i ja potrafi\u0142a modli\u0107 si\u0119 do Ciebie z takim samym szczerym zapa\u0142em i abym wyprosi\u0142a, tak jak ona, zbawienie w\u0142asnej duszy oraz tych bliskich mi os\u00f3b, za kt\u00f3re jestem odpowiedzialna. Przez Chrystusa, naszego Pana, kt\u00f3ry z Tob\u0105 \u017cyje i kr\u00f3luje w jedno\u015bci Ducha \u015awi\u0119tego. Amen.<\/span><\/p>\n<p style=\"text-align: justify;\"><strong><span style=\"color: #0000ff; font-family: arial, helvetica, sans-serif; font-size: 14pt;\">Modlitwa o nawr\u00f3cenie dziecka<\/span><\/strong><\/p>\n<p style=\"text-align: justify;\"><span style=\"color: #0000ff; font-family: arial, helvetica, sans-serif; font-size: 14pt;\">Zwracam si\u0119 do Ciebie, \u015awi\u0119ta Moniko, wspania\u0142y wzorze wys\u0142uchanej modlitwy za dziecko, o pomoc i rad\u0119. W Twoje kochaj\u0105ce ramiona oddaj\u0119 moje dziecko (dzieci)\u2026\u2026, aby dzi\u0119ki Twemu pot\u0119\u017cnemu wstawiennictwu mog\u0142o(-y) ono(-e) otrzyma\u0107 \u0142ask\u0119 szczerego i prawdziwego nawr\u00f3cenia do Chrystusa, naszego Pana. Prosz\u0119 Ci\u0119 r\u00f3wnie\u017c pokornie, aby\u015b wyprosi\u0142a mi u Pana ducha takiej samej wytrwa\u0142ej i nieustannej modlitwy, jakiego udzieli\u0142 On Tobie. Prosz\u0119 o to przez Chrystusa, naszego Pana. Amen.<\/span><\/p>\n<p style=\"text-align: justify;\"><strong><span style=\"color: #0000ff; font-family: arial, helvetica, sans-serif; font-size: 14pt;\">Modlitwa o konkretn\u0105 \u0142ask\u0119 za wstawiennictwem \u015awi\u0119tej Moniki<\/span><\/strong><\/p>\n<p style=\"text-align: justify;\"><span style=\"color: #0000ff; font-family: arial, helvetica, sans-serif; font-size: 14pt;\">Wierny Bo\u017ce, \u015awiat\u0142o\u015bci naszych serc, wychwalamy Ciebie za \u015awi\u0119t\u0105 Monik\u0119, kobiet\u0119 \u017cywej wiary i wielkiej mi\u0142o\u015bci. Ona troszczy\u0142a si\u0119 o swego syna Augustyna i w imi\u0119 Jezusa niestrudzenie przekonywa\u0142a go do chrze\u015bcija\u0144skiego \u017cycia. W odpowiedzi na jej modlitwy o nawr\u00f3cenie syna i m\u0119\u017ca da\u0142e\u015b jej o wiele wi\u0119ksz\u0105 rado\u015b\u0107, ani\u017celi wszystkie jej \u0142zy wylane w b\u0142agalnych modlitwach do Ciebie. Us\u0142ysz moj\u0105 modlitw\u0119\u2026\u2026 <em>(tu wymie\u0144 swoj\u0105 intencj\u0119)<\/em>. Tak jak kiedy\u015b pochwyci\u0142e\u015b serce \u015awi\u0119tego Augustyna, tak teraz poci\u0105gnij nasze serca ku sobie, Pi\u0119kno\u015bci Odwieczna, a zawsze nowa. Amen.<\/span><\/p>\n<\/div>\n","protected":false},"excerpt":{"rendered":"<p>Kyrie eleison, Christe eleison, Kyrie eleison. Chryste, us\u0142ysz nas. Chryste, wys\u0142uchaj nas. Ojcze z nieba, Bo\u017ce, zmi\u0142uj si\u0119 nad nami. Synu, Odkupicielu \u015bwiata, Bo\u017ce, Duchu \u015awi\u0119ty, Bo\u017ce, \u015awi\u0119ta Tr\u00f3jco, Jedyny Bo\u017ce, \u015awi\u0119ta Maryjo, bez&#46;&#46;&#46;<\/p>\n","protected":false},"author":1,"featured_media":0,"parent":0,"menu_order":0,"comment_status":"closed","ping_status":"closed","template":"","meta":{"jetpack_post_was_ever_published":false,"footnotes":""},"class_list":["post-3051","page","type-page","status-publish","hentry"],"jetpack_sharing_enabled":true,"jetpack_shortlink":"https:\/\/wp.me\/PakDx7-Nd","_links":{"self":[{"href":"https:\/\/pabianice.misjonarze.pl\/index.php?rest_route=\/wp\/v2\/pages\/3051","targetHints":{"allow":["GET"]}}],"collection":[{"href":"https:\/\/pabianice.misjonarze.pl\/index.php?rest_route=\/wp\/v2\/pages"}],"about":[{"href":"https:\/\/pabianice.misjonarze.pl\/index.php?rest_route=\/wp\/v2\/types\/page"}],"author":[{"embeddable":true,"href":"https:\/\/pabianice.misjonarze.pl\/index.php?rest_route=\/wp\/v2\/users\/1"}],"replies":[{"embeddable":true,"href":"https:\/\/pabianice.misjonarze.pl\/index.php?rest_route=%2Fwp%2Fv2%2Fcomments&post=3051"}],"version-history":[{"count":8,"href":"https:\/\/pabianice.misjonarze.pl\/index.php?rest_route=\/wp\/v2\/pages\/3051\/revisions"}],"predecessor-version":[{"id":3935,"href":"https:\/\/pabianice.misjonarze.pl\/index.php?rest_route=\/wp\/v2\/pages\/3051\/revisions\/3935"}],"wp:attachment":[{"href":"https:\/\/pabianice.misjonarze.pl\/index.php?rest_route=%2Fwp%2Fv2%2Fmedia&parent=3051"}],"curies":[{"name":"wp","href":"https:\/\/api.w.org\/{rel}","templated":true}]}}