{"id":2906,"date":"2020-07-02T02:26:02","date_gmt":"2020-07-02T00:26:02","guid":{"rendered":"https:\/\/pabianice.misjonarze.pl\/?page_id=2906"},"modified":"2021-02-12T12:11:46","modified_gmt":"2021-02-12T10:11:46","slug":"litania-do-serca-pana-jezusa","status":"publish","type":"page","link":"https:\/\/pabianice.misjonarze.pl\/?page_id=2906","title":{"rendered":"Litania do Serca Pana Jezusa"},"content":{"rendered":"<p style=\"text-align: center;\" align=\"left\"><img data-recalc-dims=\"1\" loading=\"lazy\" decoding=\"async\" class=\"alignright wp-image-2907 size-medium\" src=\"https:\/\/i0.wp.com\/pabianice.misjonarze.pl\/wp-content\/uploads\/serce-pana-jezusa.jpg?resize=300%2C212&#038;ssl=1\" alt=\"\" width=\"300\" height=\"212\" srcset=\"https:\/\/i0.wp.com\/pabianice.misjonarze.pl\/wp-content\/uploads\/serce-pana-jezusa.jpg?resize=300%2C212&amp;ssl=1 300w, https:\/\/i0.wp.com\/pabianice.misjonarze.pl\/wp-content\/uploads\/serce-pana-jezusa.jpg?resize=150%2C106&amp;ssl=1 150w, https:\/\/i0.wp.com\/pabianice.misjonarze.pl\/wp-content\/uploads\/serce-pana-jezusa.jpg?w=640&amp;ssl=1 640w\" sizes=\"auto, (max-width: 300px) 100vw, 300px\" \/><\/p>\n<p align=\"left\">\n<p align=\"left\"><span style=\"font-family: arial, helvetica, sans-serif; font-size: 14pt;\">Kyrie eleison. Chryste eleison. Kyrie eleison.<br \/>\nChryste, us\u0142ysz nas.<br \/>\nChryste, wys\u0142uchaj nas.<br \/>\nOjcze z nieba Bo\u017ce, zmi\u0142uj si\u0119 nad nami.<br \/>\nSynu, Odkupicielu \u015bwiata, Bo\u017ce<br \/>\nDuchu \u015awi\u0119ty, Bo\u017ce<br \/>\n\u015awi\u0119ta Tr\u00f3jco, jedyny Bo\u017ce<br \/>\n<\/span><\/p>\n<p align=\"left\"><span style=\"font-family: arial, helvetica, sans-serif; font-size: 14pt;\">Serce Jezusa, Syna Ojca Przedwiecznego, zmi\u0142uj si\u0119 nad nami<br \/>\nSerce Jezusa, w \u0142onie Matki Dziewicy przez Ducha \u015awi\u0119tego utworzone, zmi\u0142uj si\u0119 nad nami<br \/>\nSerce Jezusa, ze S\u0142owem Bo\u017cym istotowo zjednoczone,<br \/>\nSerce Jezusa, niesko\u0144czonego majestatu,<br \/>\nSerce Jezusa, \u015bwi\u0105tynio Boga,<br \/>\nSerce Jezusa, przybytku Najwy\u017cszego,<br \/>\nSerce Jezusa, domie Bo\u017cy i bramo niebios,<br \/>\nSerce Jezusa, gorej\u0105ce ognisko mi\u0142o\u015bci,<br \/>\nSerce Jezusa, sprawiedliwo\u015bci i mi\u0142o\u015bci skarbnico,<br \/>\nSerce Jezusa, dobroci i mi\u0142o\u015bci pe\u0142ne,<br \/>\nSerce Jezusa, cn\u00f3t wszelkich bezdenna g\u0142\u0119bino,<br \/>\nSerce Jezusa, wszelkiej chwa\u0142y najgodniejsze,<br \/>\nSerce Jezusa, kr\u00f3lu i zjednoczenie serc wszystkich,<br \/>\nSerce Jezusa, w kt\u00f3rym s\u0105 wszystkie skarby m\u0105dro\u015bci i umiej\u0119tno\u015bci,<br \/>\nSerce Jezusa, w kt\u00f3rym mieszka ca\u0142a pe\u0142nia B\u00f3stwa,<br \/>\nSerce Jezusa, w kt\u00f3rym sobie Ojciec bardzo upodoba\u0142,<br \/>\nSerce Jezusa, z kt\u00f3rego pe\u0142ni wszyscy\u015bmy otrzymali,<br \/>\nSerce Jezusa, odwieczne upragnienie \u015bwiata,<br \/>\nSerce Jezusa, cierpliwe i wielkiego mi\u0142osierdzia,<br \/>\nSerce Jezusa, hojne dla wszystkich, kt\u00f3rzy Ci\u0119 wzywaj\u0105,<br \/>\nSerce Jezusa, \u017ar\u00f3d\u0142o \u017cycia i \u015bwi\u0119to\u015bci,<br \/>\nSerce Jezusa, przeb\u0142aganie za grzechy nasze,<br \/>\nSerce Jezusa, zel\u017cywo\u015bci\u0105 nape\u0142nione,<br \/>\nSerce Jezusa, dla nieprawo\u015bci naszych starte,<br \/>\nSerce Jezusa, a\u017c do \u015bmierci pos\u0142uszne,<br \/>\nSerce Jezusa, w\u0142\u00f3czni\u0105 przebite,<br \/>\nSerce Jezusa, \u017ar\u00f3d\u0142o wszelkiej pociechy,<br \/>\nSerce Jezusa, \u017cycie i zmartwychwstanie nasze,<br \/>\nSerce Jezusa, pokoju i pojednanie nasze,<br \/>\nSerce Jezusa, krwawa ofiaro grzesznik\u00f3w,<br \/>\nSerce Jezusa, zbawienie ufaj\u0105cych Tobie,<br \/>\nSerce Jezusa, nadziejo w Tobie umieraj\u0105cych,<br \/>\nSerce Jezusa, rozkoszy wszystkich \u015awi\u0119tych,<br \/>\n<\/span><\/p>\n<p align=\"left\"><span style=\"font-family: arial, helvetica, sans-serif; font-size: 14pt;\">Baranku Bo\u017cy, kt\u00f3ry g\u0142adzisz grzechy \u015bwiata, przepu\u015b\u0107 nam, Panie<br \/>\nBaranku Bo\u017cy, kt\u00f3ry g\u0142adzisz grzechy \u015bwiata, wys\u0142uchaj nas, Panie<br \/>\nBaranku Bo\u017cy, kt\u00f3ry g\u0142adzisz grzechy \u015bwiata, zmi\u0142uj si\u0119 nad nami.<\/span><\/p>\n<p align=\"left\"><span style=\"font-family: arial, helvetica, sans-serif; font-size: 14pt;\">Jezu cichy i pokornego Serca.<br \/>\nUczy\u0144 serca nasze wed\u0142ug Serca Twego.<\/span><\/p>\n<p align=\"left\"><span style=\"font-family: arial, helvetica, sans-serif; font-size: 14pt;\">M\u00f3dlmy si\u0119: Wszechmog\u0105cy, wieczny Bo\u017ce, wejrzyj na Serce najmilszego Syna swego i na chwa\u0142\u0119, zado\u015b\u0107uczynienie, jakie w imieniu grzesznik\u00f3w Ci sk\u0142ada; daj si\u0119 przeb\u0142aga\u0107 tym, kt\u00f3rzy \u017cebrz\u0105 Twego mi\u0142osierdzia i racz udzieli\u0107 przebaczenia w imi\u0119 tego\u017c Syna swego, Jezusa Chrystusa, kt\u00f3ry z Tob\u0105 \u017cyje i kr\u00f3luje na wieki wiek\u00f3w<\/span><\/p>\n","protected":false},"excerpt":{"rendered":"<p>Kyrie eleison. Chryste eleison. Kyrie eleison. Chryste, us\u0142ysz nas. Chryste, wys\u0142uchaj nas. Ojcze z nieba Bo\u017ce, zmi\u0142uj si\u0119 nad nami. Synu, Odkupicielu \u015bwiata, Bo\u017ce Duchu \u015awi\u0119ty, Bo\u017ce \u015awi\u0119ta Tr\u00f3jco, jedyny Bo\u017ce Serce Jezusa, Syna&#46;&#46;&#46;<\/p>\n","protected":false},"author":1,"featured_media":0,"parent":0,"menu_order":0,"comment_status":"closed","ping_status":"closed","template":"","meta":{"footnotes":""},"class_list":["post-2906","page","type-page","status-publish","hentry"],"jetpack_sharing_enabled":true,"jetpack_shortlink":"https:\/\/wp.me\/PakDx7-KS","_links":{"self":[{"href":"https:\/\/pabianice.misjonarze.pl\/index.php?rest_route=\/wp\/v2\/pages\/2906","targetHints":{"allow":["GET"]}}],"collection":[{"href":"https:\/\/pabianice.misjonarze.pl\/index.php?rest_route=\/wp\/v2\/pages"}],"about":[{"href":"https:\/\/pabianice.misjonarze.pl\/index.php?rest_route=\/wp\/v2\/types\/page"}],"author":[{"embeddable":true,"href":"https:\/\/pabianice.misjonarze.pl\/index.php?rest_route=\/wp\/v2\/users\/1"}],"replies":[{"embeddable":true,"href":"https:\/\/pabianice.misjonarze.pl\/index.php?rest_route=%2Fwp%2Fv2%2Fcomments&post=2906"}],"version-history":[{"count":5,"href":"https:\/\/pabianice.misjonarze.pl\/index.php?rest_route=\/wp\/v2\/pages\/2906\/revisions"}],"predecessor-version":[{"id":3924,"href":"https:\/\/pabianice.misjonarze.pl\/index.php?rest_route=\/wp\/v2\/pages\/2906\/revisions\/3924"}],"wp:attachment":[{"href":"https:\/\/pabianice.misjonarze.pl\/index.php?rest_route=%2Fwp%2Fv2%2Fmedia&parent=2906"}],"curies":[{"name":"wp","href":"https:\/\/api.w.org\/{rel}","templated":true}]}}